Last updated on 2024-06-16 11:57:51 CEST.
Flavor | Version | Tinstall | Tcheck | Ttotal | Status | Flags |
---|---|---|---|---|---|---|
r-devel-linux-x86_64-debian-clang | 1.0.5 | 2.02 | 23.14 | 25.16 | NOTE | |
r-devel-linux-x86_64-debian-gcc | 1.0.5 | 1.54 | 18.13 | 19.67 | NOTE | |
r-devel-linux-x86_64-fedora-clang | 1.0.5 | 31.93 | NOTE | |||
r-devel-linux-x86_64-fedora-gcc | 1.0.5 | 30.70 | NOTE | |||
r-devel-windows-x86_64 | 1.0.5 | 3.00 | 39.00 | 42.00 | NOTE | |
r-patched-linux-x86_64 | 1.0.5 | 2.58 | 22.10 | 24.68 | NOTE | |
r-release-linux-x86_64 | 1.0.5 | 1.99 | 22.68 | 24.67 | NOTE | |
r-release-macos-arm64 | 1.0.5 | 14.00 | NOTE | |||
r-release-macos-x86_64 | 1.0.5 | 21.00 | NOTE | |||
r-release-windows-x86_64 | 1.0.5 | 3.00 | 38.00 | 41.00 | NOTE | |
r-oldrel-macos-arm64 | 1.0.5 | 16.00 | NOTE | |||
r-oldrel-macos-x86_64 | 1.0.5 | 20.00 | NOTE | |||
r-oldrel-windows-x86_64 | 1.0.5 | 4.00 | 38.00 | 42.00 | NOTE |
Version: 1.0.5
Check: LazyData
Result: NOTE
'LazyData' is specified without a 'data' directory
Flavors: r-devel-linux-x86_64-debian-clang, r-devel-linux-x86_64-debian-gcc, r-devel-linux-x86_64-fedora-clang, r-devel-linux-x86_64-fedora-gcc, r-devel-windows-x86_64, r-patched-linux-x86_64, r-release-linux-x86_64, r-release-macos-arm64, r-release-macos-x86_64, r-release-windows-x86_64, r-oldrel-macos-arm64, r-oldrel-macos-x86_64, r-oldrel-windows-x86_64