CRAN Package Check Results for Package BayesCombo

Last updated on 2025-05-03 21:51:10 CEST.

Flavor Version Tinstall Tcheck Ttotal Status Flags
r-devel-linux-x86_64-debian-clang 1.0 1.79 25.19 26.98 NOTE
r-devel-linux-x86_64-debian-gcc 1.0 1.47 21.03 22.50 NOTE
r-devel-linux-x86_64-fedora-clang 1.0 44.15 OK
r-devel-linux-x86_64-fedora-gcc 1.0 59.84 OK
r-devel-windows-x86_64 1.0 3.00 46.00 49.00 OK
r-patched-linux-x86_64 1.0 1.98 24.09 26.07 OK
r-release-linux-x86_64 OK
r-release-macos-arm64 1.0 24.00 OK
r-release-macos-x86_64 1.0 58.00 OK
r-release-windows-x86_64 1.0 4.00 45.00 49.00 OK
r-oldrel-macos-arm64 1.0 28.00 NOTE
r-oldrel-macos-x86_64 1.0 35.00 NOTE
r-oldrel-windows-x86_64 1.0 3.00 51.00 54.00 NOTE

Check Details

Version: 1.0
Check: CRAN incoming feasibility
Result: NOTE Maintainer: ‘Stanley E. Lazic <stan.lazic@cantab.net>’ No Authors@R field in DESCRIPTION. Please add one, modifying Authors@R: c(person(given = "Bruno", family = "Contrino", role = "aut"), person(given = c("Stanley", "E."), family = "Lazic", role = c("aut", "cre"), email = "stan.lazic@cantab.net")) as necessary. Flavors: r-devel-linux-x86_64-debian-clang, r-devel-linux-x86_64-debian-gcc

Version: 1.0
Check: LazyData
Result: NOTE 'LazyData' is specified without a 'data' directory Flavors: r-oldrel-macos-arm64, r-oldrel-macos-x86_64, r-oldrel-windows-x86_64