Last updated on 2025-07-24 21:49:39 CEST.
Flavor | Version | Tinstall | Tcheck | Ttotal | Status | Flags |
---|---|---|---|---|---|---|
r-devel-linux-x86_64-debian-clang | 3.0-6 | 681.15 | 33.39 | 714.54 | OK | |
r-devel-linux-x86_64-debian-gcc | 3.0-6 | 614.89 | 26.56 | 641.45 | OK | |
r-devel-linux-x86_64-fedora-clang | 3.0-6 | 1376.03 | OK | |||
r-devel-linux-x86_64-fedora-gcc | 3.0-6 | 1680.10 | OK | |||
r-devel-windows-x86_64 | 3.0-6 | 1090.00 | 63.00 | 1153.00 | OK | |
r-patched-linux-x86_64 | 3.0-6 | 842.26 | 29.18 | 871.44 | OK | |
r-release-linux-x86_64 | 3.0-6 | 827.84 | 28.32 | 856.16 | OK | |
r-release-macos-arm64 | 3.0-6 | 383.00 | OK | |||
r-release-macos-x86_64 | 3.0-6 | 306.00 | OK | |||
r-release-windows-x86_64 | 3.0-6 | 1054.00 | 61.00 | 1115.00 | OK | |
r-oldrel-macos-arm64 | 3.0-6 | 429.00 | NOTE | |||
r-oldrel-macos-x86_64 | 3.0-6 | 316.00 | NOTE | |||
r-oldrel-windows-x86_64 | 3.0-6 | 1026.00 | 68.00 | 1094.00 | NOTE |
Version: 3.0-6
Check: installed package size
Result: NOTE
installed size is 10.8Mb
sub-directories of 1Mb or more:
libs 10.7Mb
Flavors: r-oldrel-macos-arm64, r-oldrel-macos-x86_64, r-oldrel-windows-x86_64
Version: 3.0-6
Check: for GNU extensions in Makefiles
Result: NOTE
GNU make is a SystemRequirements.
Flavors: r-oldrel-macos-arm64, r-oldrel-macos-x86_64, r-oldrel-windows-x86_64