Last updated on 2025-05-06 03:50:57 CEST.
Flavor | Version | Tinstall | Tcheck | Ttotal | Status | Flags |
---|---|---|---|---|---|---|
r-devel-linux-x86_64-debian-clang | 1.0.10 | 4.74 | 52.46 | 57.20 | NOTE | |
r-devel-linux-x86_64-debian-gcc | 1.0.10 | 3.72 | 38.63 | 42.35 | NOTE | |
r-devel-linux-x86_64-fedora-clang | 1.0.10 | 94.16 | NOTE | |||
r-devel-linux-x86_64-fedora-gcc | 1.0.10 | 93.09 | NOTE | |||
r-devel-windows-x86_64 | 1.0.10 | 5.00 | 70.00 | 75.00 | OK | |
r-patched-linux-x86_64 | 1.0.10 | 3.76 | 50.74 | 54.50 | NOTE | |
r-release-linux-x86_64 | 1.0.10 | 4.09 | 50.43 | 54.52 | NOTE | |
r-release-macos-arm64 | 1.0.10 | 32.00 | OK | |||
r-release-macos-x86_64 | 1.0.10 | 55.00 | OK | |||
r-release-windows-x86_64 | 1.0.10 | 6.00 | 73.00 | 79.00 | OK | |
r-oldrel-macos-arm64 | 1.0.10 | 35.00 | OK | |||
r-oldrel-macos-x86_64 | 1.0.10 | 80.00 | OK | |||
r-oldrel-windows-x86_64 | 1.0.10 | 7.00 | 84.00 | 91.00 | OK |
Version: 1.0.10
Check: CRAN incoming feasibility
Result: NOTE
Maintainer: ‘Ewoud De Troyer <ewoud.detroyer@uhasselt.be>’
No Authors@R field in DESCRIPTION.
Please add one, modifying
Authors@R: c(person(given = "Aregay",
family = "Mengsteab",
role = "aut"),
person(given = "Martin",
family = "Otava",
role = "aut"),
person(given = "Tatsiana",
family = "Khamiakova",
role = "aut"),
person(given = "Ewoud",
family = "De Troyer",
role = c("aut", "cre"),
email = "ewoud.detroyer@uhasselt.be"))
as necessary.
Flavors: r-devel-linux-x86_64-debian-clang, r-devel-linux-x86_64-debian-gcc
Version: 1.0.10
Check: for non-standard things in the check directory
Result: NOTE
Found the following files/directories:
‘fabiabreast.txt’
Flavors: r-devel-linux-x86_64-debian-clang, r-devel-linux-x86_64-debian-gcc, r-devel-linux-x86_64-fedora-clang, r-devel-linux-x86_64-fedora-gcc, r-patched-linux-x86_64, r-release-linux-x86_64