Last updated on 2025-05-03 21:51:11 CEST.
Flavor | Version | Tinstall | Tcheck | Ttotal | Status | Flags |
---|---|---|---|---|---|---|
r-devel-linux-x86_64-debian-clang | 4.0.1 | 5.12 | 48.88 | 54.00 | NOTE | |
r-devel-linux-x86_64-debian-gcc | 4.0.1 | 3.30 | 34.87 | 38.17 | NOTE | |
r-devel-linux-x86_64-fedora-clang | 4.0.1 | 74.57 | OK | |||
r-devel-linux-x86_64-fedora-gcc | 4.0.1 | 82.68 | OK | |||
r-devel-windows-x86_64 | 4.0.1 | 7.00 | 63.00 | 70.00 | OK | |
r-patched-linux-x86_64 | 4.0.1 | 4.86 | 45.40 | 50.26 | NOTE | |
r-release-linux-x86_64 | NOTE | |||||
r-release-macos-arm64 | 4.0.1 | 30.00 | OK | |||
r-release-macos-x86_64 | 4.0.1 | 54.00 | OK | |||
r-release-windows-x86_64 | 4.0.1 | 7.00 | 64.00 | 71.00 | OK | |
r-oldrel-macos-arm64 | 4.0.1 | 25.00 | OK | |||
r-oldrel-macos-x86_64 | 4.0.1 | 36.00 | OK | |||
r-oldrel-windows-x86_64 | 4.0.1 | 8.00 | 75.00 | 83.00 | OK |
Version: 4.0.1
Check: for unstated dependencies in ‘demo’
Result: NOTE
'library' or 'require' calls not declared from:
‘GGally’ ‘Hmisc’ ‘MASS’ ‘OneTwoSamples’ ‘TeachingDemos’ ‘agricolae’
‘e1071’ ‘gdata’ ‘granova’ ‘granovaGG’ ‘gridExtra’ ‘hcci’ ‘lattice’
‘lmPerm’ ‘lmtest’ ‘multcomp’ ‘multcompView’ ‘plyr’ ‘qcc’ ‘reshape’
‘sandwich’ ‘scales’ ‘vcd’ ‘xlsx’
Flavors: r-devel-linux-x86_64-debian-clang, r-devel-linux-x86_64-debian-gcc, r-patched-linux-x86_64, r-release-linux-x86_64