Last updated on 2025-05-07 12:50:18 CEST.
Flavor | Version | Tinstall | Tcheck | Ttotal | Status | Flags |
---|---|---|---|---|---|---|
r-devel-linux-x86_64-debian-clang | 1.0.3 | 13.66 | 68.05 | 81.71 | NOTE | |
r-devel-linux-x86_64-debian-gcc | 1.0.3 | 8.51 | 47.88 | 56.39 | NOTE | |
r-devel-linux-x86_64-fedora-clang | 1.0.3 | 125.04 | OK | |||
r-devel-linux-x86_64-fedora-gcc | 1.0.3 | 130.31 | OK | |||
r-devel-windows-x86_64 | 1.0.3 | 12.00 | 76.00 | 88.00 | OK | |
r-patched-linux-x86_64 | 1.0.3 | 12.04 | 65.05 | 77.09 | OK | |
r-release-linux-x86_64 | 1.0.3 | 11.75 | 64.39 | 76.14 | OK | |
r-release-macos-arm64 | 1.0.3 | 47.00 | OK | |||
r-release-macos-x86_64 | 1.0.3 | 105.00 | OK | |||
r-release-windows-x86_64 | 1.0.3 | 12.00 | 76.00 | 88.00 | OK | |
r-oldrel-macos-arm64 | 1.0.3 | 39.00 | NOTE | |||
r-oldrel-macos-x86_64 | 1.0.3 | 55.00 | NOTE | |||
r-oldrel-windows-x86_64 | 1.0.3 | 17.00 | 94.00 | 111.00 | NOTE |
Version: 1.0.3
Check: CRAN incoming feasibility
Result: NOTE
Maintainer: ‘Jia-Han Shih <tommy355097@gmail.com>’
No Authors@R field in DESCRIPTION.
Please add one, modifying
Authors@R: c(person(given = "Jia-Han",
family = "Shih",
role = c("aut", "cre"),
email = "tommy355097@gmail.com"),
person(given = "Wei",
family = "Lee",
role = "aut"))
as necessary.
Flavors: r-devel-linux-x86_64-debian-clang, r-devel-linux-x86_64-debian-gcc
Version: 1.0.3
Check: LazyData
Result: NOTE
'LazyData' is specified without a 'data' directory
Flavors: r-oldrel-macos-arm64, r-oldrel-macos-x86_64, r-oldrel-windows-x86_64