Last updated on 2024-06-17 06:50:12 CEST.
Flavor | Version | Tinstall | Tcheck | Ttotal | Status | Flags |
---|---|---|---|---|---|---|
r-devel-linux-x86_64-debian-clang | 2.5 | 15.63 | 122.44 | 138.07 | OK | |
r-devel-linux-x86_64-debian-gcc | 2.5 | 11.78 | 91.44 | 103.22 | OK | |
r-devel-linux-x86_64-fedora-clang | 2.5 | 173.88 | OK | |||
r-devel-linux-x86_64-fedora-gcc | 2.5 | 162.39 | OK | |||
r-devel-windows-x86_64 | 2.5 | 16.00 | 110.00 | 126.00 | OK | |
r-patched-linux-x86_64 | 2.5 | 14.76 | 119.31 | 134.07 | OK | |
r-release-linux-x86_64 | 2.5 | 13.82 | 118.05 | 131.87 | OK | |
r-release-macos-arm64 | 2.5 | 84.00 | OK | |||
r-release-macos-x86_64 | 2.5 | 119.00 | OK | |||
r-release-windows-x86_64 | 2.5 | 16.00 | 88.00 | 104.00 | FAIL | |
r-oldrel-macos-arm64 | 2.5 | 93.00 | OK | |||
r-oldrel-macos-x86_64 | 2.5 | 139.00 | OK | |||
r-oldrel-windows-x86_64 | 2.5 | 21.00 | 133.00 | 154.00 | OK |
Version: 2.5
Check: Rd \usage sections
Result: NOTE
Error: unable to load shared object 'D:/RCompile/CRANpkg/lib/4.4/htmltools/libs/x64/htmltools.dll':
LoadLibrary failure: Die Auslagerungsdatei ist zu klein, um diesen Vorgang durchzuführen.
Call sequence:
9: inDL(x, as.logical(local), as.logical(now), ...)
8: dyn.load(file, DLLpath = DLLpath, ...)
7: library.dynam(lib, package, package.lib)
6: loadNamespace(j <- i[[1L]], c(lib.loc, .libPaths()), versionCheck = vI[[j]])
5: asNamespace(ns)
4: namespaceImportFrom(ns, loadNamespace(j <- i[[1L]], c(lib.loc,
.libPaths()), versionCheck = vI[[j]]), i[[2L]], from = package)
3: loadNamespace(i, c(lib.loc, .libPaths()), versionCheck = vI[[i]])
2: namespaceImport(ns, loadNamespace(i, c(lib.loc, .libPaths()),
versionCheck = vI[[i]]), from = package)
1: loadNamespace(package, lib.loc)
Execution halted
The \usage entries for S3 methods should use the \method markup and not
their full name.
See chapter 'Writing R documentation files' in the 'Writing R
Extensions' manual.
Flavor: r-release-windows-x86_64
Version: 2.5
Check: examples
Result: ERROR
Running examples in 'BoneProfileR-Ex.R' failed
The error occurred in:
Flavor: r-release-windows-x86_64
Version: 2.5
Check: HTML version of manual
Result: FAIL
Flavor: r-release-windows-x86_64