Last updated on 2025-05-03 21:51:11 CEST.
Flavor | Version | Tinstall | Tcheck | Ttotal | Status | Flags |
---|---|---|---|---|---|---|
r-devel-linux-x86_64-debian-clang | 0.1.2.1 | 2.64 | 23.58 | 26.22 | NOTE | |
r-devel-linux-x86_64-debian-gcc | 0.1.2.1 | 1.83 | 18.87 | 20.70 | NOTE | |
r-devel-linux-x86_64-fedora-clang | 0.1.2.1 | 39.63 | OK | |||
r-devel-linux-x86_64-fedora-gcc | 0.1.2.1 | 40.01 | OK | |||
r-devel-windows-x86_64 | 0.1.2.1 | 4.00 | 61.00 | 65.00 | OK | |
r-patched-linux-x86_64 | 0.1.2.1 | 2.93 | 21.62 | 24.55 | OK | |
r-release-linux-x86_64 | OK | |||||
r-release-macos-arm64 | 0.1.2.1 | 17.00 | OK | |||
r-release-macos-x86_64 | 0.1.2.1 | 40.00 | OK | |||
r-release-windows-x86_64 | 0.1.2.1 | 4.00 | 44.00 | 48.00 | OK | |
r-oldrel-macos-arm64 | 0.1.2.1 | 22.00 | OK | |||
r-oldrel-macos-x86_64 | 0.1.2.1 | 34.00 | OK | |||
r-oldrel-windows-x86_64 | 0.1.2.1 | 4.00 | 58.00 | 62.00 | OK |
Version: 0.1.2.1
Check: CRAN incoming feasibility
Result: NOTE
Maintainer: ‘Alexis Derumigny <a.f.f.derumigny@tudelft.nl>’
The Description field contains
Girard, Guyonvarch (2021) <arXiv:2101.05780>.
Please refer to arXiv e-prints via their arXiv DOI <doi:10.48550/arXiv.YYMM.NNNNN>.
Flavors: r-devel-linux-x86_64-debian-clang, r-devel-linux-x86_64-debian-gcc