CRAN Package Check Results for Package CINmetrics

Last updated on 2025-05-03 21:51:12 CEST.

Flavor Version Tinstall Tcheck Ttotal Status Flags
r-devel-linux-x86_64-debian-clang 0.1.0 1.84 23.14 24.98 NOTE
r-devel-linux-x86_64-debian-gcc 0.1.0 1.45 18.89 20.34 NOTE
r-devel-linux-x86_64-fedora-clang 0.1.0 40.22 OK
r-devel-linux-x86_64-fedora-gcc 0.1.0 51.71 OK
r-devel-windows-x86_64 0.1.0 3.00 45.00 48.00 OK
r-patched-linux-x86_64 0.1.0 1.99 22.41 24.40 OK
r-release-linux-x86_64 OK
r-release-macos-arm64 0.1.0 25.00 OK
r-release-macos-x86_64 0.1.0 43.00 OK
r-release-windows-x86_64 0.1.0 4.00 46.00 50.00 OK
r-oldrel-macos-arm64 0.1.0 29.00 OK
r-oldrel-macos-x86_64 0.1.0 34.00 OK
r-oldrel-windows-x86_64 0.1.0 4.00 48.00 52.00 OK

Check Details

Version: 0.1.0
Check: CRAN incoming feasibility
Result: NOTE Maintainer: ‘Vishal H. Oza <vishoza@uab.edu>’ No Authors@R field in DESCRIPTION. Please add one, modifying Authors@R: c(person(given = c("Vishal", "H."), family = "Oza", role = c("aut", "cre"), email = "vishoza@uab.edu"), person(given = "Roshan", family = "Darji", role = "aut"), person(given = c("Brittany", "N."), family = "Lasseigne", role = "aut")) as necessary. Flavors: r-devel-linux-x86_64-debian-clang, r-devel-linux-x86_64-debian-gcc