Last updated on 2025-05-03 21:51:12 CEST.
Flavor | Version | Tinstall | Tcheck | Ttotal | Status | Flags |
---|---|---|---|---|---|---|
r-devel-linux-x86_64-debian-clang | 0.1.0 | 4.57 | 58.72 | 63.29 | OK | |
r-devel-linux-x86_64-debian-gcc | 0.1.0 | 3.13 | 39.62 | 42.75 | OK | |
r-devel-linux-x86_64-fedora-clang | 0.1.0 | 96.06 | NOTE | |||
r-devel-linux-x86_64-fedora-gcc | 0.1.0 | 92.53 | NOTE | |||
r-devel-windows-x86_64 | 0.1.0 | 6.00 | 74.00 | 80.00 | OK | |
r-patched-linux-x86_64 | 0.1.0 | 4.06 | 55.08 | 59.14 | OK | |
r-release-linux-x86_64 | OK | |||||
r-release-macos-arm64 | 0.1.0 | 34.00 | OK | |||
r-release-macos-x86_64 | 0.1.0 | 68.00 | OK | |||
r-release-windows-x86_64 | 0.1.0 | 6.00 | 68.00 | 74.00 | OK | |
r-oldrel-macos-arm64 | 0.1.0 | 26.00 | OK | |||
r-oldrel-macos-x86_64 | 0.1.0 | 58.00 | OK | |||
r-oldrel-windows-x86_64 | 0.1.0 | 7.00 | 85.00 | 92.00 | OK |
Version: 0.1.0
Check: dependencies in R code
Result: NOTE
Namespace in Imports field not imported from: ‘RColorBrewer’
All declared Imports should be used.
Flavors: r-devel-linux-x86_64-fedora-clang, r-devel-linux-x86_64-fedora-gcc