Last updated on 2025-05-03 21:51:12 CEST.
Flavor | Version | Tinstall | Tcheck | Ttotal | Status | Flags |
---|---|---|---|---|---|---|
r-devel-linux-x86_64-debian-clang | 0.1.0 | 28.11 | 258.95 | 287.06 | OK | |
r-devel-linux-x86_64-debian-gcc | 0.1.0 | 20.21 | 164.45 | 184.66 | OK | |
r-devel-linux-x86_64-fedora-clang | 0.1.0 | 448.33 | OK | |||
r-devel-linux-x86_64-fedora-gcc | 0.1.0 | 448.72 | OK | |||
r-devel-windows-x86_64 | 0.1.0 | 37.00 | 190.00 | 227.00 | WARN | |
r-patched-linux-x86_64 | 0.1.0 | 28.49 | 240.25 | 268.74 | OK | |
r-release-linux-x86_64 | OK | |||||
r-release-macos-arm64 | 0.1.0 | 122.00 | OK | |||
r-release-macos-x86_64 | 0.1.0 | 265.00 | OK | |||
r-release-windows-x86_64 | 0.1.0 | 35.00 | 197.00 | 232.00 | OK | |
r-oldrel-macos-arm64 | 0.1.0 | 96.00 | NOTE | |||
r-oldrel-macos-x86_64 | 0.1.0 | 154.00 | NOTE | |||
r-oldrel-windows-x86_64 | 0.1.0 | 45.00 | 280.00 | 325.00 | NOTE |
Version: 0.1.0
Check: whether the package can be unloaded cleanly
Result: WARN
Flavor: r-devel-windows-x86_64
Version: 0.1.0
Check: installed package size
Result: NOTE
installed size is 48.6Mb
sub-directories of 1Mb or more:
extdata 48.5Mb
Flavors: r-oldrel-macos-arm64, r-oldrel-macos-x86_64, r-oldrel-windows-x86_64