Last updated on 2024-06-16 11:57:53 CEST.
Flavor | Version | Tinstall | Tcheck | Ttotal | Status | Flags |
---|---|---|---|---|---|---|
r-devel-linux-x86_64-debian-clang | 1.0.0 | 178.52 | 177.66 | 356.18 | NOTE | |
r-devel-linux-x86_64-debian-gcc | 1.0.0 | 147.64 | 139.06 | 286.70 | NOTE | |
r-devel-linux-x86_64-fedora-clang | 1.0.0 | 459.27 | NOTE | |||
r-devel-linux-x86_64-fedora-gcc | 1.0.0 | 451.75 | NOTE | |||
r-devel-windows-x86_64 | 1.0.0 | 135.00 | 163.00 | 298.00 | NOTE | |
r-patched-linux-x86_64 | 1.0.0 | 182.13 | 180.86 | 362.99 | NOTE | |
r-release-linux-x86_64 | 1.0.0 | 173.26 | 185.12 | 358.38 | NOTE | |
r-release-macos-arm64 | 1.0.0 | 105.00 | NOTE | |||
r-release-macos-x86_64 | 1.0.0 | 168.00 | NOTE | |||
r-release-windows-x86_64 | 1.0.0 | 145.00 | 167.00 | 312.00 | NOTE | |
r-oldrel-macos-arm64 | 1.0.0 | 115.00 | NOTE | |||
r-oldrel-macos-x86_64 | 1.0.0 | 173.00 | NOTE | |||
r-oldrel-windows-x86_64 | 1.0.0 | 185.00 | 199.00 | 384.00 | NOTE |
Version: 1.0.0
Check: for GNU extensions in Makefiles
Result: NOTE
GNU make is a SystemRequirements.
Flavors: r-devel-linux-x86_64-debian-clang, r-devel-linux-x86_64-debian-gcc, r-devel-linux-x86_64-fedora-clang, r-devel-linux-x86_64-fedora-gcc, r-devel-windows-x86_64, r-patched-linux-x86_64, r-release-linux-x86_64, r-release-macos-arm64, r-release-macos-x86_64, r-release-windows-x86_64, r-oldrel-macos-arm64, r-oldrel-macos-x86_64, r-oldrel-windows-x86_64
Version: 1.0.0
Check: dependencies in R code
Result: NOTE
Namespace in Imports field not imported from: ‘rstantools’
All declared Imports should be used.
Flavors: r-devel-linux-x86_64-fedora-clang, r-devel-linux-x86_64-fedora-gcc
Version: 1.0.0
Check: installed package size
Result: NOTE
installed size is 41.2Mb
sub-directories of 1Mb or more:
libs 41.0Mb
Flavors: r-release-macos-arm64, r-release-macos-x86_64, r-oldrel-macos-arm64, r-oldrel-macos-x86_64