Last updated on 2025-05-06 06:49:51 CEST.
Flavor | Version | Tinstall | Tcheck | Ttotal | Status | Flags |
---|---|---|---|---|---|---|
r-devel-linux-x86_64-debian-clang | 1.0.0 | 1.75 | 18.14 | 19.89 | NOTE | |
r-devel-linux-x86_64-debian-gcc | 1.0.0 | 1.36 | 14.90 | 16.26 | NOTE | |
r-devel-linux-x86_64-fedora-clang | 1.0.0 | 31.18 | OK | |||
r-devel-linux-x86_64-fedora-gcc | 1.0.0 | 29.91 | OK | |||
r-devel-windows-x86_64 | 1.0.0 | 4.00 | 39.00 | 43.00 | OK | |
r-patched-linux-x86_64 | 1.0.0 | 1.57 | 17.51 | 19.08 | OK | |
r-release-linux-x86_64 | 1.0.0 | 1.53 | 17.52 | 19.05 | OK | |
r-release-macos-arm64 | 1.0.0 | 15.00 | OK | |||
r-release-macos-x86_64 | 1.0.0 | 27.00 | OK | |||
r-release-windows-x86_64 | 1.0.0 | 3.00 | 42.00 | 45.00 | OK | |
r-oldrel-macos-arm64 | 1.0.0 | 19.00 | OK | |||
r-oldrel-macos-x86_64 | 1.0.0 | 24.00 | OK | |||
r-oldrel-windows-x86_64 | 1.0.0 | 3.00 | 43.00 | 46.00 | OK |
Version: 1.0.0
Check: CRAN incoming feasibility
Result: NOTE
Maintainer: ‘Yang Ni <yni@stat.tamu.edu>’
The Description field contains
categorical data. See Ni, Y. (2022) <arXiv:2209.08579> "Bivariate
Please refer to arXiv e-prints via their arXiv DOI <doi:10.48550/arXiv.YYMM.NNNNN>.
Flavors: r-devel-linux-x86_64-debian-clang, r-devel-linux-x86_64-debian-gcc