Last updated on 2025-05-03 21:51:13 CEST.
Flavor | Version | Tinstall | Tcheck | Ttotal | Status | Flags |
---|---|---|---|---|---|---|
r-devel-linux-x86_64-debian-clang | 1.4 | 9.88 | 70.13 | 80.01 | NOTE | |
r-devel-linux-x86_64-debian-gcc | 1.4 | 6.84 | 52.40 | 59.24 | NOTE | |
r-devel-linux-x86_64-fedora-clang | 1.4 | 124.31 | OK | |||
r-devel-linux-x86_64-fedora-gcc | 1.5 | 117.87 | OK | |||
r-devel-windows-x86_64 | 1.4 | 10.00 | 76.00 | 86.00 | OK | |
r-patched-linux-x86_64 | 1.4 | 8.07 | 66.24 | 74.31 | OK | |
r-release-linux-x86_64 | OK | |||||
r-release-macos-arm64 | 1.4 | 38.00 | OK | |||
r-release-macos-x86_64 | 1.4 | 65.00 | OK | |||
r-release-windows-x86_64 | 1.4 | 11.00 | 73.00 | 84.00 | OK | |
r-oldrel-macos-arm64 | 1.4 | 34.00 | OK | |||
r-oldrel-macos-x86_64 | 1.4 | 54.00 | OK | |||
r-oldrel-windows-x86_64 | 1.4 | 12.00 | 94.00 | 106.00 | OK |
Version: 1.4
Check: CRAN incoming feasibility
Result: NOTE
Maintainer: ‘Shannon T. Holloway <shannon.t.holloway@gmail.com>’
No Authors@R field in DESCRIPTION.
Please add one, modifying
Authors@R: c(person(given = "Amanda",
family = "Brucker",
role = "aut"),
person(given = c("Shannon", "T."),
family = "Holloway",
role = c("aut", "cre"),
email = "shannon.t.holloway@gmail.com"),
person(given = "Jung-Ying",
family = "Tzeng",
role = "aut"))
as necessary.
Flavors: r-devel-linux-x86_64-debian-clang, r-devel-linux-x86_64-debian-gcc