Last updated on 2025-05-07 06:49:46 CEST.
Flavor | Version | Tinstall | Tcheck | Ttotal | Status | Flags |
---|---|---|---|---|---|---|
r-devel-linux-x86_64-debian-clang | 1.8 | 4.58 | 38.20 | 42.78 | NOTE | |
r-devel-linux-x86_64-debian-gcc | 1.8 | 3.41 | 26.90 | 30.31 | NOTE | |
r-devel-linux-x86_64-fedora-clang | 1.8 | 69.20 | OK | |||
r-devel-linux-x86_64-fedora-gcc | 1.8 | 66.51 | OK | |||
r-devel-windows-x86_64 | 1.8 | 6.00 | 61.00 | 67.00 | OK | |
r-patched-linux-x86_64 | 1.8 | 4.22 | 35.71 | 39.93 | OK | |
r-release-linux-x86_64 | 1.8 | 4.08 | 35.91 | 39.99 | OK | |
r-release-macos-arm64 | 1.8 | 23.00 | OK | |||
r-release-macos-x86_64 | 1.8 | 42.00 | OK | |||
r-release-windows-x86_64 | 1.8 | 6.00 | 62.00 | 68.00 | OK | |
r-oldrel-macos-arm64 | 1.8 | 22.00 | OK | |||
r-oldrel-macos-x86_64 | 1.8 | 32.00 | OK | |||
r-oldrel-windows-x86_64 | 1.8 | 8.00 | 72.00 | 80.00 | OK |
Version: 1.8
Check: CRAN incoming feasibility
Result: NOTE
Maintainer: ‘Andreas Kuehnapfel <andreas.kuehnapfel@imise.uni-leipzig.de>’
No Authors@R field in DESCRIPTION.
Please add one, modifying
Authors@R: person(given = "Andreas",
family = "Kuehnapfel",
role = c("aut", "cre"),
email = "andreas.kuehnapfel@imise.uni-leipzig.de")
as necessary.
Flavors: r-devel-linux-x86_64-debian-clang, r-devel-linux-x86_64-debian-gcc