Last updated on 2025-05-03 12:54:38 CEST.
Flavor | Version | Tinstall | Tcheck | Ttotal | Status | Flags |
---|---|---|---|---|---|---|
r-devel-linux-x86_64-debian-clang | 1.1.0 | 4.20 | 71.92 | 76.12 | NOTE | |
r-devel-linux-x86_64-debian-gcc | 1.1.0 | 2.73 | 47.37 | 50.10 | NOTE | |
r-devel-linux-x86_64-fedora-clang | 1.1.0 | 123.28 | OK | |||
r-devel-linux-x86_64-fedora-gcc | 1.1.0 | 130.25 | OK | |||
r-devel-windows-x86_64 | 1.1.0 | 5.00 | 85.00 | 90.00 | OK | |
r-patched-linux-x86_64 | 1.1.0 | 4.32 | 67.64 | 71.96 | OK | |
r-release-linux-x86_64 | OK | |||||
r-release-macos-arm64 | 1.1.0 | 55.00 | OK | |||
r-release-macos-x86_64 | 1.1.0 | 91.00 | OK | |||
r-release-windows-x86_64 | 1.1.0 | 6.00 | 87.00 | 93.00 | OK | |
r-oldrel-macos-arm64 | 1.1.0 | 41.00 | OK | |||
r-oldrel-macos-x86_64 | 1.1.0 | 65.00 | OK | |||
r-oldrel-windows-x86_64 | 1.1.0 | 7.00 | 106.00 | 113.00 | OK |
Version: 1.1.0
Check: CRAN incoming feasibility
Result: NOTE
Maintainer: ‘Arunabha Majumdar <statgen.arunabha@gmail.com>’
No Authors@R field in DESCRIPTION.
Please add one, modifying
Authors@R: c(person(given = "Arunabha",
family = "Majumdar",
role = c("aut", "cre"),
email = "statgen.arunabha@gmail.com"),
person(given = "Tanushree",
family = "Haldar",
role = "aut",
email = "tanushree.haldar@gmail.com"),
person(given = "John",
family = "Witte",
role = "ctb"))
as necessary.
Flavors: r-devel-linux-x86_64-debian-clang, r-devel-linux-x86_64-debian-gcc