Last updated on 2024-06-17 06:50:14 CEST.
Flavor | Version | Tinstall | Tcheck | Ttotal | Status | Flags |
---|---|---|---|---|---|---|
r-devel-linux-x86_64-debian-clang | 0.1.1 | 45.24 | 37.43 | 82.67 | OK | |
r-devel-linux-x86_64-debian-gcc | 0.1.1 | 35.98 | 28.72 | 64.70 | OK | |
r-devel-linux-x86_64-fedora-clang | 0.1.1 | 116.09 | OK | |||
r-devel-linux-x86_64-fedora-gcc | 0.1.1 | 125.98 | OK | |||
r-devel-windows-x86_64 | 0.1.1 | 41.00 | 68.00 | 109.00 | OK | |
r-patched-linux-x86_64 | 0.1.1 | 45.04 | 36.06 | 81.10 | OK | |
r-release-linux-x86_64 | 0.1.1 | 43.04 | 36.35 | 79.39 | OK | |
r-release-macos-arm64 | 0.1.1 | 33.00 | NOTE | |||
r-release-macos-x86_64 | 0.1.1 | 44.00 | NOTE | |||
r-release-windows-x86_64 | 0.1.1 | 39.00 | 71.00 | 110.00 | OK | |
r-oldrel-macos-arm64 | 0.1.1 | 37.00 | NOTE | |||
r-oldrel-macos-x86_64 | 0.1.1 | 55.00 | NOTE | |||
r-oldrel-windows-x86_64 | 0.1.1 | 50.00 | 80.00 | 130.00 | OK |
Version: 0.1.1
Check: installed package size
Result: NOTE
installed size is 5.0Mb
sub-directories of 1Mb or more:
libs 4.2Mb
Flavors: r-release-macos-arm64, r-release-macos-x86_64, r-oldrel-macos-arm64, r-oldrel-macos-x86_64