CRAN Package Check Results for Package CaPO4Sim

Last updated on 2025-07-22 12:49:28 CEST.

Flavor Version Tinstall Tcheck Ttotal Status Flags
r-devel-linux-x86_64-debian-clang 0.2.1 5.98 45.58 51.56 OK
r-devel-linux-x86_64-debian-gcc 0.2.1 4.62 34.99 39.61 OK
r-devel-linux-x86_64-fedora-clang 0.2.1 80.81 OK
r-devel-linux-x86_64-fedora-gcc 0.2.1 75.07 OK
r-devel-windows-x86_64 0.2.1 9.00 63.00 72.00 OK
r-patched-linux-x86_64 0.2.1 6.41 42.54 48.95 OK
r-release-linux-x86_64 0.2.1 5.41 42.07 47.48 OK
r-release-macos-arm64 0.2.1 29.00 OK
r-release-macos-x86_64 0.2.1 51.00 OK
r-release-windows-x86_64 0.2.1 10.00 65.00 75.00 OK
r-oldrel-macos-arm64 0.2.1 28.00 NOTE
r-oldrel-macos-x86_64 0.2.1 68.00 NOTE
r-oldrel-windows-x86_64 0.2.1 13.00 75.00 88.00 NOTE

Check Details

Version: 0.2.1
Check: installed package size
Result: NOTE installed size is 6.2Mb sub-directories of 1Mb or more: entry_level 1.7Mb virtual_patient_simulator 3.1Mb Flavors: r-oldrel-macos-arm64, r-oldrel-macos-x86_64, r-oldrel-windows-x86_64