Last updated on 2025-05-03 12:54:36 CEST.
Flavor | Version | Tinstall | Tcheck | Ttotal | Status | Flags |
---|---|---|---|---|---|---|
r-devel-linux-x86_64-debian-clang | 1.3 | 5.89 | 48.44 | 54.33 | NOTE | |
r-devel-linux-x86_64-debian-gcc | 1.3 | 4.80 | 34.74 | 39.54 | NOTE | |
r-devel-linux-x86_64-fedora-clang | 1.3 | 77.01 | OK | |||
r-devel-linux-x86_64-fedora-gcc | 1.3 | 81.64 | OK | |||
r-devel-windows-x86_64 | 1.3 | 7.00 | 62.00 | 69.00 | OK | |
r-patched-linux-x86_64 | 1.3 | 4.79 | 46.46 | 51.25 | OK | |
r-release-linux-x86_64 | OK | |||||
r-release-macos-arm64 | 1.3 | 29.00 | OK | |||
r-release-macos-x86_64 | 1.3 | 44.00 | OK | |||
r-release-windows-x86_64 | 1.3 | 9.00 | 63.00 | 72.00 | OK | |
r-oldrel-macos-arm64 | 1.3 | 27.00 | NOTE | |||
r-oldrel-macos-x86_64 | 1.3 | 40.00 | NOTE | |||
r-oldrel-windows-x86_64 | 1.3 | 10.00 | 76.00 | 86.00 | NOTE |
Version: 1.3
Check: CRAN incoming feasibility
Result: NOTE
Maintainer: ‘Davide Altomare <davide.altomare@gmail.com>’
No Authors@R field in DESCRIPTION.
Please add one, modifying
Authors@R: person(given = "Davide",
family = "Altomare",
role = c("aut", "cre"),
email = "davide.altomare@gmail.com")
as necessary.
Flavors: r-devel-linux-x86_64-debian-clang, r-devel-linux-x86_64-debian-gcc
Version: 1.3
Check: LazyData
Result: NOTE
'LazyData' is specified without a 'data' directory
Flavors: r-oldrel-macos-arm64, r-oldrel-macos-x86_64, r-oldrel-windows-x86_64