Last updated on 2025-05-03 21:51:12 CEST.
Flavor | Version | Tinstall | Tcheck | Ttotal | Status | Flags |
---|---|---|---|---|---|---|
r-devel-linux-x86_64-debian-clang | 1.4 | 12.07 | 57.33 | 69.40 | NOTE | |
r-devel-linux-x86_64-debian-gcc | 1.4 | 8.56 | 42.83 | 51.39 | NOTE | |
r-devel-linux-x86_64-fedora-clang | 1.4 | 105.44 | OK | |||
r-devel-linux-x86_64-fedora-gcc | 1.4 | 106.97 | OK | |||
r-devel-windows-x86_64 | 1.4 | 12.00 | 68.00 | 80.00 | OK | |
r-patched-linux-x86_64 | 1.4 | 12.21 | 53.90 | 66.11 | OK | |
r-release-linux-x86_64 | OK | |||||
r-release-macos-arm64 | 1.4 | 61.00 | OK | |||
r-release-macos-x86_64 | 1.4 | 63.00 | OK | |||
r-release-windows-x86_64 | 1.4 | 13.00 | 67.00 | 80.00 | OK | |
r-oldrel-macos-arm64 | 1.4 | 35.00 | OK | |||
r-oldrel-macos-x86_64 | 1.4 | 50.00 | OK | |||
r-oldrel-windows-x86_64 | 1.4 | 15.00 | 78.00 | 93.00 | OK |
Version: 1.4
Check: CRAN incoming feasibility
Result: NOTE
Maintainer: ‘Marco Tschimpke <marco.tschimpke@plus.ac.at>’
No Authors@R field in DESCRIPTION.
Please add one, modifying
Authors@R: c(person(given = "Thimo",
family = "Kasper",
role = "aut",
email = "thimo.kasper@plus.ac.at"),
person(given = "Florian",
family = "Griessenberger",
role = "aut",
email = "florian.griessenberger@plus.ac.at"),
person(given = "Manuela",
family = "Schreyer",
role = "aut",
email = "manuelalarissa.schreyer@sbg.ac.at"),
person(given = "Johannes",
family = "Bartel",
role = "aut"),
person(given = "Wolfgang",
family = "Trutschnig",
role = "aut",
email = "Wolfgang.Trutschnig@sbg.ac.at"),
person(given = "Marco",
family = "Tschimpke",
role = "cre",
email = "marco.tschimpke@plus.ac.at"))
as necessary.
Flavors: r-devel-linux-x86_64-debian-clang, r-devel-linux-x86_64-debian-gcc