CRAN Package Check Results for Package CircMLE

Last updated on 2025-05-05 21:50:57 CEST.

Flavor Version Tinstall Tcheck Ttotal Status Flags
r-devel-linux-x86_64-debian-clang 0.3.0 4.13 46.12 50.25 NOTE
r-devel-linux-x86_64-debian-gcc 0.3.0 2.66 31.21 33.87 NOTE
r-devel-linux-x86_64-fedora-clang 0.3.0 78.94 OK
r-devel-linux-x86_64-fedora-gcc 0.3.0 76.10 OK
r-devel-windows-x86_64 0.3.0 4.00 62.00 66.00 OK
r-patched-linux-x86_64 0.3.0 3.88 44.41 48.29 OK
r-release-linux-x86_64 0.3.0 3.94 43.98 47.92 OK
r-release-macos-arm64 0.3.0 28.00 OK
r-release-macos-x86_64 0.3.0 46.00 OK
r-release-windows-x86_64 0.3.0 5.00 61.00 66.00 OK
r-oldrel-macos-arm64 0.3.0 27.00 NOTE
r-oldrel-macos-x86_64 0.3.0 36.00 NOTE
r-oldrel-windows-x86_64 0.3.0 6.00 72.00 78.00 NOTE

Check Details

Version: 0.3.0
Check: CRAN incoming feasibility
Result: NOTE Maintainer: ‘Robert Fitak <rfitak9@gmail.com>’ Package CITATION file contains call(s) to old-style personList() or as.personList(). Please use c() on person objects instead. Package CITATION file contains call(s) to old-style citEntry(). Please use bibentry() instead. Flavors: r-devel-linux-x86_64-debian-clang, r-devel-linux-x86_64-debian-gcc

Version: 0.3.0
Check: LazyData
Result: NOTE 'LazyData' is specified without a 'data' directory Flavors: r-oldrel-macos-arm64, r-oldrel-macos-x86_64, r-oldrel-windows-x86_64