Last updated on 2025-05-03 21:51:12 CEST.
Flavor | Version | Tinstall | Tcheck | Ttotal | Status | Flags |
---|---|---|---|---|---|---|
r-devel-linux-x86_64-debian-clang | 0.1-3 | 20.38 | 196.19 | 216.57 | NOTE | |
r-devel-linux-x86_64-debian-gcc | 0.1-3 | 12.70 | 131.08 | 143.78 | NOTE | |
r-devel-linux-x86_64-fedora-clang | 0.1-3 | 313.70 | OK | |||
r-devel-linux-x86_64-fedora-gcc | 0.1-3 | 318.21 | OK | |||
r-devel-windows-x86_64 | 0.1-3 | 20.00 | 226.00 | 246.00 | OK | |
r-patched-linux-x86_64 | 0.1-3 | 21.15 | 189.01 | 210.16 | OK | |
r-release-linux-x86_64 | OK | |||||
r-release-macos-arm64 | 0.1-3 | 89.00 | OK | |||
r-release-macos-x86_64 | 0.1-3 | 172.00 | OK | |||
r-release-windows-x86_64 | 0.1-3 | 19.00 | 226.00 | 245.00 | OK | |
r-oldrel-macos-arm64 | 0.1-3 | 84.00 | OK | |||
r-oldrel-macos-x86_64 | 0.1-3 | 140.00 | OK | |||
r-oldrel-windows-x86_64 | 0.1-3 | 28.00 | 276.00 | 304.00 | OK |
Version: 0.1-3
Check: CRAN incoming feasibility
Result: NOTE
Maintainer: ‘Fergus Reig-Gracia <fergusrg@gmail.com>’
No Authors@R field in DESCRIPTION.
Please add one, modifying
Authors@R: c(person(given = "Fergus",
family = "Reig-Gracia",
role = c("aut", "cre"),
email = "fergusrg@gmail.com"),
person(given = c("Sergio", "M."),
family = "Vicente-Serrano",
role = "aut"),
person(given = "Fernando",
family = "Dominguez-Castro",
role = "aut"),
person(given = "Joaquin",
family = "Bedia-Jiménez",
role = "ctb"))
as necessary.
Flavors: r-devel-linux-x86_64-debian-clang, r-devel-linux-x86_64-debian-gcc