Last updated on 2025-05-03 21:51:13 CEST.
Flavor | Version | Tinstall | Tcheck | Ttotal | Status | Flags |
---|---|---|---|---|---|---|
r-devel-linux-x86_64-debian-clang | 2.1.1 | 25.60 | 185.64 | 211.24 | NOTE | |
r-devel-linux-x86_64-debian-gcc | 2.1.1 | 19.85 | 109.03 | 128.88 | NOTE | |
r-devel-linux-x86_64-fedora-clang | 2.1.1 | 357.89 | NOTE | |||
r-devel-linux-x86_64-fedora-gcc | 2.1.1 | 360.28 | NOTE | |||
r-devel-windows-x86_64 | 2.1.1 | 35.00 | 232.00 | 267.00 | NOTE | |
r-patched-linux-x86_64 | 2.1.1 | 28.50 | 176.99 | 205.49 | NOTE | |
r-release-linux-x86_64 | NOTE | |||||
r-release-macos-arm64 | 2.1.1 | 108.00 | NOTE | |||
r-release-macos-x86_64 | 2.1.1 | 203.00 | NOTE | |||
r-release-windows-x86_64 | 2.1.1 | 35.00 | 212.00 | 247.00 | NOTE | |
r-oldrel-macos-arm64 | 2.1.1 | 98.00 | NOTE | |||
r-oldrel-macos-x86_64 | 2.1.1 | 159.00 | NOTE | |||
r-oldrel-windows-x86_64 | 2.1.1 | 41.00 | 291.00 | 332.00 | NOTE |
Version: 2.1.1
Check: CRAN incoming feasibility
Result: NOTE
Maintainer: ‘Evelyne Vigneau <evelyne.vigneau@oniris-nantes.fr>’
No Authors@R field in DESCRIPTION.
Please add one, modifying
Authors@R: c(person(given = "Evelyne",
family = "Vigneau",
role = c("aut", "cre"),
email = "evelyne.vigneau@oniris-nantes.fr"),
person(given = "Mingkun",
family = "Chen",
role = "ctb"),
person(given = "Veronique",
family = "Cariou",
role = "aut"))
as necessary.
Flavors: r-devel-linux-x86_64-debian-clang, r-devel-linux-x86_64-debian-gcc
Version: 2.1.1
Check: Rd files
Result: NOTE
checkRd: (-1) CLV.Rd:51: Lost braces in \itemize; \value handles \item{}{} directly
checkRd: (-1) CLV.Rd:52: Lost braces in \itemize; \value handles \item{}{} directly
checkRd: (-1) CLV.Rd:53: Lost braces in \itemize; \value handles \item{}{} directly
checkRd: (-1) CLV.Rd:54: Lost braces in \itemize; \value handles \item{}{} directly
checkRd: (-1) CLV.Rd:55-56: Lost braces in \itemize; \value handles \item{}{} directly
checkRd: (-1) CLV.Rd:57: Lost braces in \itemize; \value handles \item{}{} directly
checkRd: (-1) CLV.Rd:58: Lost braces in \itemize; \value handles \item{}{} directly
checkRd: (-1) CLV.Rd:59-60: Lost braces in \itemize; \value handles \item{}{} directly
checkRd: (-1) CLV.Rd:65: Lost braces in \itemize; \value handles \item{}{} directly
checkRd: (-1) CLV.Rd:66: Lost braces in \itemize; \value handles \item{}{} directly
checkRd: (-1) CLV.Rd:67: Lost braces in \itemize; \value handles \item{}{} directly
checkRd: (-1) CLV3W.Rd:36: Lost braces in \itemize; \value handles \item{}{} directly
checkRd: (-1) CLV3W.Rd:37: Lost braces in \itemize; \value handles \item{}{} directly
checkRd: (-1) CLV3W.Rd:38: Lost braces in \itemize; \value handles \item{}{} directly
checkRd: (-1) CLV3W.Rd:39: Lost braces in \itemize; \value handles \item{}{} directly
checkRd: (-1) CLV3W.Rd:40: Lost braces in \itemize; \value handles \item{}{} directly
checkRd: (-1) CLV3W.Rd:41: Lost braces in \itemize; \value handles \item{}{} directly
checkRd: (-1) CLV3W.Rd:42: Lost braces in \itemize; \value handles \item{}{} directly
checkRd: (-1) CLV3W.Rd:43-44: Lost braces in \itemize; \value handles \item{}{} directly
checkRd: (-1) CLV3W.Rd:51: Lost braces in \itemize; \value handles \item{}{} directly
checkRd: (-1) CLV3W.Rd:52: Lost braces in \itemize; \value handles \item{}{} directly
checkRd: (-1) CLV3W.Rd:53: Lost braces in \itemize; \value handles \item{}{} directly
checkRd: (-1) CLV3W.Rd:54: Lost braces in \itemize; \value handles \item{}{} directly
checkRd: (-1) CLV3W.Rd:55: Lost braces in \itemize; \value handles \item{}{} directly
checkRd: (-1) CLV3W.Rd:60: Lost braces in \itemize; \value handles \item{}{} directly
checkRd: (-1) CLV3W.Rd:61: Lost braces in \itemize; \value handles \item{}{} directly
checkRd: (-1) CLV3W_kmeans.Rd:31: Lost braces in \itemize; \value handles \item{}{} directly
checkRd: (-1) CLV3W_kmeans.Rd:32: Lost braces in \itemize; \value handles \item{}{} directly
checkRd: (-1) CLV3W_kmeans.Rd:33: Lost braces in \itemize; \value handles \item{}{} directly
checkRd: (-1) CLV3W_kmeans.Rd:34: Lost braces in \itemize; \value handles \item{}{} directly
checkRd: (-1) CLV3W_kmeans.Rd:35: Lost braces in \itemize; \value handles \item{}{} directly
checkRd: (-1) CLV3W_kmeans.Rd:36: Lost braces in \itemize; \value handles \item{}{} directly
checkRd: (-1) CLV3W_kmeans.Rd:41: Lost braces in \itemize; \value handles \item{}{} directly
checkRd: (-1) LCLV.Rd:32: Lost braces in \itemize; \value handles \item{}{} directly
checkRd: (-1) LCLV.Rd:33: Lost braces in \itemize; \value handles \item{}{} directly
checkRd: (-1) LCLV.Rd:34: Lost braces in \itemize; \value handles \item{}{} directly
checkRd: (-1) LCLV.Rd:35: Lost braces in \itemize; \value handles \item{}{} directly
checkRd: (-1) LCLV.Rd:36: Lost braces in \itemize; \value handles \item{}{} directly
checkRd: (-1) LCLV.Rd:37: Lost braces in \itemize; \value handles \item{}{} directly
checkRd: (-1) LCLV.Rd:38: Lost braces in \itemize; \value handles \item{}{} directly
checkRd: (-1) LCLV.Rd:39-40: Lost braces in \itemize; \value handles \item{}{} directly
checkRd: (-1) LCLV.Rd:45: Lost braces in \itemize; \value handles \item{}{} directly
checkRd: (-1) LCLV.Rd:46: Lost braces in \itemize; \value handles \item{}{} directly
checkRd: (-1) LCLV.Rd:47: Lost braces in \itemize; \value handles \item{}{} directly
checkRd: (-1) LCLV.Rd:48: Lost braces in \itemize; \value handles \item{}{} directly
checkRd: (-1) LCLV.Rd:49: Lost braces in \itemize; \value handles \item{}{} directly
Flavors: r-devel-linux-x86_64-debian-clang, r-devel-linux-x86_64-debian-gcc, r-devel-linux-x86_64-fedora-clang, r-devel-linux-x86_64-fedora-gcc, r-devel-windows-x86_64, r-patched-linux-x86_64, r-release-linux-x86_64, r-release-macos-arm64, r-release-macos-x86_64, r-release-windows-x86_64, r-oldrel-macos-arm64, r-oldrel-macos-x86_64, r-oldrel-windows-x86_64