Last updated on 2025-11-27 06:49:26 CET.
| Flavor | Version | Tinstall | Tcheck | Ttotal | Status | Flags |
|---|---|---|---|---|---|---|
| r-devel-linux-x86_64-debian-clang | 1.3.3 | 17.80 | 74.21 | 92.01 | NOTE | |
| r-devel-linux-x86_64-debian-gcc | 1.3.3 | 12.04 | 52.78 | 64.82 | NOTE | |
| r-devel-linux-x86_64-fedora-clang | 1.3.3 | 63.00 | 76.57 | 139.57 | OK | |
| r-devel-linux-x86_64-fedora-gcc | 1.3.3 | 43.00 | 99.41 | 142.41 | OK | |
| r-devel-windows-x86_64 | 1.3.3 | 23.00 | 90.00 | 113.00 | OK | |
| r-patched-linux-x86_64 | 1.3.3 | 18.80 | 67.44 | 86.24 | OK | |
| r-release-linux-x86_64 | 1.3.3 | 15.68 | 67.95 | 83.63 | OK | |
| r-release-macos-arm64 | 1.3.3 | OK | ||||
| r-release-macos-x86_64 | 1.3.3 | 6.00 | 65.00 | 71.00 | OK | |
| r-release-windows-x86_64 | 1.3.3 | 20.00 | 85.00 | 105.00 | OK | |
| r-oldrel-macos-arm64 | 1.3.3 | OK | ||||
| r-oldrel-macos-x86_64 | 1.3.3 | 6.00 | 49.00 | 55.00 | OK | |
| r-oldrel-windows-x86_64 | 1.3.3 | 27.00 | 109.00 | 136.00 | OK |
Version: 1.3.3
Check: CRAN incoming feasibility
Result: NOTE
Maintainer: ‘Michał Krassowski <krassowski.michal+r@gmail.com>’
Package CITATION file contains call(s) to old-style citEntry(). Please
use bibentry() instead.
Flavors: r-devel-linux-x86_64-debian-clang, r-devel-linux-x86_64-debian-gcc