CRAN Package Check Results for Package ConfigParser

Last updated on 2025-05-03 12:54:37 CEST.

Flavor Version Tinstall Tcheck Ttotal Status Flags
r-devel-linux-x86_64-debian-clang 1.0.0 2.44 19.01 21.45 OK
r-devel-linux-x86_64-debian-gcc 1.0.0 1.86 15.96 17.82 OK
r-devel-linux-x86_64-fedora-clang 1.0.0 31.48 OK
r-devel-linux-x86_64-fedora-gcc 1.0.0 29.97 OK
r-devel-windows-x86_64 1.0.0 3.00 40.00 43.00 OK
r-patched-linux-x86_64 1.0.0 2.35 17.30 19.65 OK
r-release-linux-x86_64 OK
r-release-macos-arm64 1.0.0 16.00 OK
r-release-macos-x86_64 1.0.0 24.00 OK
r-release-windows-x86_64 1.0.0 3.00 40.00 43.00 OK
r-oldrel-macos-arm64 1.0.0 20.00 NOTE
r-oldrel-macos-x86_64 1.0.0 22.00 NOTE
r-oldrel-windows-x86_64 1.0.0 3.00 43.00 46.00 NOTE

Check Details

Version: 1.0.0
Check: LazyData
Result: NOTE 'LazyData' is specified without a 'data' directory Flavors: r-oldrel-macos-arm64, r-oldrel-macos-x86_64, r-oldrel-windows-x86_64