Last updated on 2025-07-25 06:49:29 CEST.
Flavor | Version | Tinstall | Tcheck | Ttotal | Status | Flags |
---|---|---|---|---|---|---|
r-devel-linux-x86_64-debian-clang | 0.4.4 | 14.21 | 113.86 | 128.07 | NOTE | |
r-devel-linux-x86_64-debian-gcc | 0.4.4 | 8.82 | 79.82 | 88.64 | NOTE | |
r-devel-linux-x86_64-fedora-clang | 0.4.4 | 187.09 | OK | |||
r-devel-linux-x86_64-fedora-gcc | 0.4.4 | 173.95 | OK | |||
r-devel-windows-x86_64 | 0.4.4 | 14.00 | 109.00 | 123.00 | OK | |
r-patched-linux-x86_64 | 0.4.4 | 11.21 | 107.04 | 118.25 | OK | |
r-release-linux-x86_64 | 0.4.4 | 12.21 | 102.87 | 115.08 | OK | |
r-release-macos-arm64 | 0.4.4 | 52.00 | OK | |||
r-release-macos-x86_64 | 0.4.4 | 103.00 | OK | |||
r-release-windows-x86_64 | 0.4.4 | 14.00 | 107.00 | 121.00 | OK | |
r-oldrel-macos-arm64 | 0.4.4 | 48.00 | NOTE | |||
r-oldrel-macos-x86_64 | 0.4.4 | 72.00 | NOTE | |||
r-oldrel-windows-x86_64 | 0.4.4 | 19.00 | 134.00 | 153.00 | NOTE |
Version: 0.4.4
Check: CRAN incoming feasibility
Result: NOTE
Maintainer: ‘James Conigrave <james.conigrave@gmail.com>’
No Authors@R field in DESCRIPTION.
Please add one, modifying
Authors@R: person(given = "James",
family = "Conigrave",
role = c("aut", "cre"),
email = "james.conigrave@gmail.com")
as necessary.
Flavors: r-devel-linux-x86_64-debian-clang, r-devel-linux-x86_64-debian-gcc
Version: 0.4.4
Check: LazyData
Result: NOTE
'LazyData' is specified without a 'data' directory
Flavors: r-oldrel-macos-arm64, r-oldrel-macos-x86_64, r-oldrel-windows-x86_64