Last updated on 2025-05-03 21:51:13 CEST.
Flavor | Version | Tinstall | Tcheck | Ttotal | Status | Flags |
---|---|---|---|---|---|---|
r-devel-linux-x86_64-debian-clang | 0.1.0 | 4.54 | 46.89 | 51.43 | NOTE | |
r-devel-linux-x86_64-debian-gcc | 0.1.0 | 2.85 | 35.21 | 38.06 | NOTE | |
r-devel-linux-x86_64-fedora-clang | 0.1.0 | 79.49 | NOTE | |||
r-devel-linux-x86_64-fedora-gcc | 0.1.0 | 92.30 | NOTE | |||
r-devel-windows-x86_64 | 0.1.0 | 9.00 | 73.00 | 82.00 | OK | |
r-patched-linux-x86_64 | 0.1.0 | 4.23 | 44.82 | 49.05 | OK | |
r-release-linux-x86_64 | OK | |||||
r-release-macos-arm64 | 0.1.0 | 42.00 | OK | |||
r-release-macos-x86_64 | 0.1.0 | 93.00 | OK | |||
r-release-windows-x86_64 | 0.1.0 | 9.00 | 72.00 | 81.00 | OK | |
r-oldrel-macos-arm64 | 0.1.0 | 35.00 | OK | |||
r-oldrel-macos-x86_64 | 0.1.0 | 60.00 | OK | |||
r-oldrel-windows-x86_64 | 0.1.0 | 10.00 | 81.00 | 91.00 | OK |
Version: 0.1.0
Check: CRAN incoming feasibility
Result: NOTE
Maintainer: ‘Josep Puig <puigjos@gmail.com>’
No Authors@R field in DESCRIPTION.
Please add one, modifying
Authors@R: c(person(given = c("Josep", "Puig"),
family = "Sallés",
role = "aut"),
person(given = "Josep",
family = "Puig",
role = "cre",
email = "puigjos@gmail.com"))
as necessary.
Flavors: r-devel-linux-x86_64-debian-clang, r-devel-linux-x86_64-debian-gcc
Version: 0.1.0
Check: compiled code
Result: NOTE
File ‘ConsReg/libs/ConsReg.so’:
Found no calls to: ‘R_registerRoutines’, ‘R_useDynamicSymbols’
It is good practice to register native routines and to disable symbol
search.
See ‘Writing portable packages’ in the ‘Writing R Extensions’ manual.
Flavors: r-devel-linux-x86_64-fedora-clang, r-devel-linux-x86_64-fedora-gcc