Last updated on 2025-07-22 03:49:49 CEST.
Flavor | Version | Tinstall | Tcheck | Ttotal | Status | Flags |
---|---|---|---|---|---|---|
r-devel-linux-x86_64-debian-clang | 0.5.0 | 9.65 | 63.20 | 72.85 | NOTE | |
r-devel-linux-x86_64-debian-gcc | 0.5.0 | 6.97 | 47.41 | 54.38 | NOTE | |
r-devel-linux-x86_64-fedora-clang | 0.5.0 | 110.61 | OK | |||
r-devel-linux-x86_64-fedora-gcc | 0.5.0 | 104.78 | OK | |||
r-devel-windows-x86_64 | 0.5.0 | 11.00 | 82.00 | 93.00 | OK | |
r-patched-linux-x86_64 | 0.5.0 | 9.46 | 59.88 | 69.34 | OK | |
r-release-linux-x86_64 | 0.5.0 | 9.13 | 59.34 | 68.47 | OK | |
r-release-macos-arm64 | 0.5.0 | 42.00 | OK | |||
r-release-macos-x86_64 | 0.5.0 | 93.00 | OK | |||
r-release-windows-x86_64 | 0.5.0 | 12.00 | 82.00 | 94.00 | OK | |
r-oldrel-macos-arm64 | 0.5.0 | 36.00 | OK | |||
r-oldrel-macos-x86_64 | 0.5.0 | 53.00 | OK | |||
r-oldrel-windows-x86_64 | 0.5.0 | 16.00 | 104.00 | 120.00 | OK |
Version: 0.5.0
Check: CRAN incoming feasibility
Result: NOTE
Maintainer: ‘Bouchra R. Nasri <bouchra.nasri@umontreal.ca>’
The Description field contains
<arXiv:2301.13408>.
Please refer to arXiv e-prints via their arXiv DOI <doi:10.48550/arXiv.YYMM.NNNNN>.
Flavors: r-devel-linux-x86_64-debian-clang, r-devel-linux-x86_64-debian-gcc