Last updated on 2025-05-05 21:50:58 CEST.
Flavor | Version | Tinstall | Tcheck | Ttotal | Status | Flags |
---|---|---|---|---|---|---|
r-devel-linux-x86_64-debian-clang | 1.6.4 | 6.67 | 58.77 | 65.44 | NOTE | |
r-devel-linux-x86_64-debian-gcc | 1.6.4 | 5.21 | 44.55 | 49.76 | NOTE | |
r-devel-linux-x86_64-fedora-clang | 1.6.4 | 103.90 | OK | |||
r-devel-linux-x86_64-fedora-gcc | 1.6.4 | 97.45 | OK | |||
r-devel-windows-x86_64 | 1.6.4 | 8.00 | 76.00 | 84.00 | OK | |
r-patched-linux-x86_64 | 1.6.4 | 6.51 | 56.71 | 63.22 | OK | |
r-release-linux-x86_64 | 1.6.4 | 6.57 | 56.75 | 63.32 | OK | |
r-release-macos-arm64 | 1.6.4 | 36.00 | OK | |||
r-release-macos-x86_64 | 1.6.4 | 60.00 | OK | |||
r-release-windows-x86_64 | 1.6.4 | 9.00 | 76.00 | 85.00 | OK | |
r-oldrel-macos-arm64 | 1.6.4 | 33.00 | OK | |||
r-oldrel-macos-x86_64 | 1.6.4 | 58.00 | OK | |||
r-oldrel-windows-x86_64 | 1.6.4 | 12.00 | 87.00 | 99.00 | OK |
Version: 1.6.4
Check: CRAN incoming feasibility
Result: NOTE
Maintainer: ‘Ran Gao <rgao8@uic.edu>’
No Authors@R field in DESCRIPTION.
Please add one, modifying
Authors@R: c(person(given = "Rawan",
family = "Allozi",
role = "aut"),
person(given = "Hakan",
family = "Demirtas",
role = "aut"),
person(given = "Ran",
family = "Gao",
role = c("aut", "cre"),
email = "rgao8@uic.edu"))
as necessary.
Flavors: r-devel-linux-x86_64-debian-clang, r-devel-linux-x86_64-debian-gcc