Last updated on 2025-05-04 03:50:50 CEST.
Flavor | Version | Tinstall | Tcheck | Ttotal | Status | Flags |
---|---|---|---|---|---|---|
r-devel-linux-x86_64-debian-clang | 1.1 | 1.53 | 16.98 | 18.51 | NOTE | |
r-devel-linux-x86_64-debian-gcc | 1.1 | 1.45 | 14.48 | 15.93 | NOTE | |
r-devel-linux-x86_64-fedora-clang | 1.1 | 28.82 | OK | |||
r-devel-linux-x86_64-fedora-gcc | 1.1 | 27.40 | OK | |||
r-devel-windows-x86_64 | 1.1 | 2.00 | 39.00 | 41.00 | OK | |
r-patched-linux-x86_64 | 1.1 | 1.67 | 16.62 | 18.29 | OK | |
r-release-linux-x86_64 | OK | |||||
r-release-macos-arm64 | 1.1 | 14.00 | OK | |||
r-release-macos-x86_64 | 1.1 | 30.00 | OK | |||
r-release-windows-x86_64 | 1.1 | 3.00 | 38.00 | 41.00 | OK | |
r-oldrel-macos-arm64 | 1.1 | 20.00 | NOTE | |||
r-oldrel-macos-x86_64 | 1.1 | 26.00 | OK | |||
r-oldrel-windows-x86_64 | 1.1 | 3.00 | 41.00 | 44.00 | OK |
Version: 1.1
Check: CRAN incoming feasibility
Result: NOTE
Maintainer: ‘Abbas Rahal <Abbas.Rahal13@gmail.com>’
No Authors@R field in DESCRIPTION.
Please add one, modifying
Authors@R: c(person(given = "Abbas",
family = "Rahal",
role = c("aut", "cre"),
email = "abbas.rahal13@gmail.com"),
person(given = "Anna",
family = "Akpawu",
role = "aut"),
person(given = "Justin",
family = "Chitpin",
role = "aut"),
person(given = c("David", "R."),
family = "Bickel",
role = "aut"))
as necessary.
Flavors: r-devel-linux-x86_64-debian-clang, r-devel-linux-x86_64-debian-gcc
Version: 1.1
Check: package dependencies
Result: NOTE
Package suggested but not available for checking: ‘ProData’
Flavor: r-oldrel-macos-arm64