Last updated on 2025-05-03 12:54:38 CEST.
Flavor | Version | Tinstall | Tcheck | Ttotal | Status | Flags |
---|---|---|---|---|---|---|
r-devel-linux-x86_64-debian-clang | 1.1.0 | 6.79 | 82.78 | 89.57 | NOTE | |
r-devel-linux-x86_64-debian-gcc | 1.1.0 | 4.85 | 59.50 | 64.35 | NOTE | |
r-devel-linux-x86_64-fedora-clang | 1.1.0 | 126.95 | OK | |||
r-devel-linux-x86_64-fedora-gcc | 1.1.0 | 147.65 | OK | |||
r-devel-windows-x86_64 | 1.1.0 | 10.00 | 99.00 | 109.00 | NOTE | |
r-patched-linux-x86_64 | 1.1.0 | 6.07 | 78.39 | 84.46 | NOTE | |
r-release-linux-x86_64 | NOTE | |||||
r-release-macos-arm64 | 1.1.0 | 49.00 | OK | |||
r-release-macos-x86_64 | 1.1.0 | 90.00 | OK | |||
r-release-windows-x86_64 | 1.1.0 | 9.00 | 98.00 | 107.00 | NOTE | |
r-oldrel-macos-arm64 | 1.1.0 | 42.00 | OK | |||
r-oldrel-macos-x86_64 | 1.1.0 | 72.00 | OK | |||
r-oldrel-windows-x86_64 | 1.1.0 | 10.00 | 115.00 | 125.00 | OK |
Version: 1.1.0
Check: Rd cross-references
Result: NOTE
Found the following Rd file(s) with Rd \link{} targets missing package
anchors:
ggbplot.Rd: bplot
tally.Rd: bplot, calibrate
Please provide package anchors for all Rd \link{} targets not in the
package itself and the base packages.
Flavors: r-devel-linux-x86_64-debian-clang, r-devel-linux-x86_64-debian-gcc, r-devel-windows-x86_64, r-patched-linux-x86_64, r-release-linux-x86_64, r-release-windows-x86_64