Last updated on 2025-05-06 12:49:35 CEST.
Flavor | Version | Tinstall | Tcheck | Ttotal | Status | Flags |
---|---|---|---|---|---|---|
r-devel-linux-x86_64-debian-clang | 3.1 | 9.07 | 73.32 | 82.39 | NOTE | |
r-devel-linux-x86_64-debian-gcc | 3.1 | 6.56 | 53.57 | 60.13 | NOTE | |
r-devel-linux-x86_64-fedora-clang | 3.1 | 127.00 | OK | |||
r-devel-linux-x86_64-fedora-gcc | 3.1 | 136.82 | OK | |||
r-devel-windows-x86_64 | 3.1 | 10.00 | 89.00 | 99.00 | OK | |
r-patched-linux-x86_64 | 3.1 | 8.61 | 69.23 | 77.84 | OK | |
r-release-linux-x86_64 | 3.1 | 8.19 | 69.33 | 77.52 | OK | |
r-release-macos-arm64 | 3.1 | 52.00 | OK | |||
r-release-macos-x86_64 | 3.1 | 84.00 | OK | |||
r-release-windows-x86_64 | 3.1 | 11.00 | 90.00 | 101.00 | OK | |
r-oldrel-macos-arm64 | 3.1 | 41.00 | OK | |||
r-oldrel-macos-x86_64 | 3.1 | 64.00 | OK | |||
r-oldrel-windows-x86_64 | 3.1 | 14.00 | 116.00 | 130.00 | OK |
Version: 3.1
Check: CRAN incoming feasibility
Result: NOTE
Maintainer: ‘David M. Smith <dmccsmith@verizon.net>’
No Authors@R field in DESCRIPTION.
Please add one, modifying
Authors@R: c(person(given = c("David", "M"),
family = "Smith",
role = "aut"),
person(given = c("Malcolm", "J"),
family = "Faddy",
role = "aut"),
person(given = c("David", "M."),
family = "Smith",
role = "cre",
email = "dmccsmith@verizon.net"))
as necessary.
Flavors: r-devel-linux-x86_64-debian-clang, r-devel-linux-x86_64-debian-gcc