Last updated on 2025-05-03 21:51:14 CEST.
Flavor | Version | Tinstall | Tcheck | Ttotal | Status | Flags |
---|---|---|---|---|---|---|
r-devel-linux-x86_64-debian-clang | 1.25.6 | 7.98 | 96.20 | 104.18 | NOTE | |
r-devel-linux-x86_64-debian-gcc | 1.25.6 | 6.03 | 67.87 | 73.90 | NOTE | |
r-devel-linux-x86_64-fedora-clang | 1.25.6 | 171.87 | OK | |||
r-devel-linux-x86_64-fedora-gcc | 1.25.6 | 172.92 | OK | |||
r-devel-windows-x86_64 | 1.25.6 | 11.00 | 152.00 | 163.00 | NOTE | |
r-patched-linux-x86_64 | 1.25.6 | 11.81 | 91.00 | 102.81 | NOTE | |
r-release-linux-x86_64 | NOTE | |||||
r-release-macos-arm64 | 1.25.6 | 80.00 | OK | |||
r-release-macos-x86_64 | 1.25.6 | 117.00 | OK | |||
r-release-windows-x86_64 | 1.25.6 | 12.00 | 154.00 | 166.00 | NOTE | |
r-oldrel-macos-arm64 | 1.25.6 | 64.00 | OK | |||
r-oldrel-macos-x86_64 | 1.25.6 | 87.00 | OK | |||
r-oldrel-windows-x86_64 | 1.25.6 | 15.00 | 186.00 | 201.00 | OK |
Version: 1.25.6
Check: CRAN incoming feasibility
Result: NOTE
Maintainer: ‘W. John Braun <john.braun@ubc.ca>’
No Authors@R field in DESCRIPTION.
Please add one, modifying
Authors@R: c(person(given = c("John", "H"),
family = "Maindonald",
role = "aut",
email = "john@statsresearch.co.nz"),
person(given = c("W.", "John"),
family = "Braun",
role = c("aut", "cre"),
email = "john.braun@ubc.ca"))
as necessary.
Flavors: r-devel-linux-x86_64-debian-clang, r-devel-linux-x86_64-debian-gcc
Version: 1.25.6
Check: Rd cross-references
Result: NOTE
Found the following Rd file(s) with Rd \link{} targets missing package
anchors:
DAAGtheme.Rd: theEconomist.theme, standard.theme, simpleTheme,
custom.theme
Please provide package anchors for all Rd \link{} targets not in the
package itself and the base packages.
Flavors: r-devel-linux-x86_64-debian-clang, r-devel-linux-x86_64-debian-gcc, r-devel-windows-x86_64, r-patched-linux-x86_64, r-release-linux-x86_64, r-release-windows-x86_64