Last updated on 2025-05-03 21:51:14 CEST.
Flavor | Version | Tinstall | Tcheck | Ttotal | Status | Flags |
---|---|---|---|---|---|---|
r-devel-linux-x86_64-debian-clang | 2.1.3 | 2.69 | 33.92 | 36.61 | NOTE | |
r-devel-linux-x86_64-debian-gcc | 2.1.3 | 2.48 | 27.10 | 29.58 | NOTE | |
r-devel-linux-x86_64-fedora-clang | 2.1.3 | 57.10 | OK | |||
r-devel-linux-x86_64-fedora-gcc | 2.1.3 | 69.18 | OK | |||
r-devel-windows-x86_64 | 2.1.3 | 4.00 | 58.00 | 62.00 | OK | |
r-patched-linux-x86_64 | 2.1.3 | 3.38 | 32.63 | 36.01 | OK | |
r-release-linux-x86_64 | OK | |||||
r-release-macos-arm64 | 2.1.3 | 25.00 | OK | |||
r-release-macos-x86_64 | 2.1.3 | 49.00 | OK | |||
r-release-windows-x86_64 | 2.1.3 | 4.00 | 56.00 | 60.00 | OK | |
r-oldrel-macos-arm64 | 2.1.3 | 25.00 | OK | |||
r-oldrel-macos-x86_64 | 2.1.3 | 37.00 | OK | |||
r-oldrel-windows-x86_64 | 2.1.3 | 6.00 | 62.00 | 68.00 | OK |
Version: 2.1.3
Check: CRAN incoming feasibility
Result: NOTE
Maintainer: ‘Niklas Hohmann <Niklas.Hohmann@fau.de>’
No Authors@R field in DESCRIPTION.
Please add one, modifying
Authors@R: person(given = "Niklas",
family = "Hohmann",
role = c("aut", "cre"),
email = "niklas.hohmann@fau.de")
as necessary.
Flavors: r-devel-linux-x86_64-debian-clang, r-devel-linux-x86_64-debian-gcc