Last updated on 2024-06-17 06:50:14 CEST.
Flavor | Version | Tinstall | Tcheck | Ttotal | Status | Flags |
---|---|---|---|---|---|---|
r-devel-linux-x86_64-debian-clang | 4.4.1 | 184.05 | 593.84 | 777.89 | OK | |
r-devel-linux-x86_64-debian-gcc | 4.4.1 | 113.03 | 437.86 | 550.89 | OK | |
r-devel-linux-x86_64-fedora-clang | 4.4.1 | 1043.96 | OK | |||
r-devel-linux-x86_64-fedora-gcc | 4.4.1 | 1005.85 | OK | |||
r-devel-windows-x86_64 | 4.4.1 | 110.00 | 411.00 | 521.00 | NOTE | |
r-patched-linux-x86_64 | 4.4.1 | 154.03 | 551.62 | 705.65 | OK | |
r-release-linux-x86_64 | 4.4.1 | 142.90 | 598.17 | 741.07 | OK | |
r-release-macos-arm64 | 4.4.1 | 216.00 | NOTE | |||
r-release-macos-x86_64 | 4.4.1 | 372.00 | NOTE | |||
r-release-windows-x86_64 | 4.4.1 | 111.00 | 409.00 | 520.00 | NOTE | |
r-oldrel-macos-arm64 | 4.4.1 | 270.00 | NOTE | |||
r-oldrel-macos-x86_64 | 4.4.1 | 579.00 | NOTE | |||
r-oldrel-windows-x86_64 | 4.4.1 | 136.00 | 630.00 | 766.00 | NOTE |
Version: 4.4.1
Check: package dependencies
Result: NOTE
Package which this enhances but not available for checking: 'doMC'
Flavors: r-devel-windows-x86_64, r-release-windows-x86_64, r-oldrel-windows-x86_64
Version: 4.4.1
Check: installed package size
Result: NOTE
installed size is 37.9Mb
sub-directories of 1Mb or more:
libs 35.9Mb
Flavors: r-release-macos-arm64, r-release-macos-x86_64, r-oldrel-macos-arm64, r-oldrel-macos-x86_64