Last updated on 2024-06-17 06:50:14 CEST.
Flavor | Version | Tinstall | Tcheck | Ttotal | Status | Flags |
---|---|---|---|---|---|---|
r-devel-linux-x86_64-debian-clang | 1.1.2 | 214.64 | 306.01 | 520.65 | NOTE | |
r-devel-linux-x86_64-debian-gcc | 1.1.2 | 141.48 | 252.89 | 394.37 | NOTE | |
r-devel-linux-x86_64-fedora-clang | 1.1.2 | 707.81 | NOTE | |||
r-devel-linux-x86_64-fedora-gcc | 1.1.2 | 734.87 | NOTE | |||
r-devel-windows-x86_64 | 1.1.2 | 158.00 | 269.00 | 427.00 | NOTE | |
r-patched-linux-x86_64 | 1.1.2 | 174.54 | 305.57 | 480.11 | NOTE | |
r-release-linux-x86_64 | 1.1.2 | 169.16 | 303.32 | 472.48 | NOTE | |
r-release-macos-arm64 | 1.1.2 | 155.00 | NOTE | |||
r-release-macos-x86_64 | 1.1.2 | 263.00 | NOTE | |||
r-release-windows-x86_64 | 1.1.2 | 169.00 | 265.00 | 434.00 | NOTE | |
r-oldrel-macos-arm64 | 1.1.2 | 180.00 | NOTE | |||
r-oldrel-macos-x86_64 | 1.1.2 | 337.00 | NOTE | |||
r-oldrel-windows-x86_64 | 1.1.2 | 200.00 | 331.00 | 531.00 | NOTE |
Version: 1.1.2
Check: C++ specification
Result: NOTE
Specified C++11: please drop specification unless essential
Flavors: r-devel-linux-x86_64-debian-clang, r-devel-linux-x86_64-debian-gcc, r-devel-linux-x86_64-fedora-clang, r-devel-linux-x86_64-fedora-gcc, r-devel-windows-x86_64, r-patched-linux-x86_64, r-release-linux-x86_64, r-release-macos-arm64, r-release-macos-x86_64, r-release-windows-x86_64, r-oldrel-macos-arm64, r-oldrel-macos-x86_64, r-oldrel-windows-x86_64
Version: 1.1.2
Check: Rd files
Result: NOTE
checkRd: (-1) kernel.assign.Rd:27: Lost braces; missing escapes or markup?
27 | {q = [0, 1]}. Kernels are of the Müller-Wang type ("MW"), Müller type ("M")
| ^
Flavors: r-devel-linux-x86_64-debian-clang, r-devel-linux-x86_64-debian-gcc, r-devel-linux-x86_64-fedora-clang, r-devel-linux-x86_64-fedora-gcc, r-devel-windows-x86_64, r-patched-linux-x86_64, r-release-linux-x86_64, r-release-macos-arm64, r-release-macos-x86_64, r-release-windows-x86_64
Version: 1.1.2
Check: installed package size
Result: NOTE
installed size is 7.8Mb
sub-directories of 1Mb or more:
data 1.9Mb
libs 5.2Mb
Flavors: r-release-macos-arm64, r-release-macos-x86_64, r-oldrel-macos-arm64, r-oldrel-macos-x86_64