Last updated on 2024-06-17 06:50:14 CEST.
Flavor | Version | Tinstall | Tcheck | Ttotal | Status | Flags |
---|---|---|---|---|---|---|
r-devel-linux-x86_64-debian-clang | 5.2.2 | 121.96 | 139.23 | 261.19 | OK | |
r-devel-linux-x86_64-debian-gcc | 5.2.2 | 82.25 | 100.77 | 183.02 | OK | |
r-devel-linux-x86_64-fedora-clang | 5.2.2 | 351.05 | OK | |||
r-devel-linux-x86_64-fedora-gcc | 5.2.2 | 356.63 | OK | |||
r-devel-windows-x86_64 | 5.2.2 | 95.00 | 146.00 | 241.00 | OK | |
r-patched-linux-x86_64 | 5.2.2 | 99.91 | 132.59 | 232.50 | OK | |
r-release-linux-x86_64 | 5.2.2 | 95.00 | 134.02 | 229.02 | OK | |
r-release-macos-arm64 | 5.2.2 | 79.00 | NOTE | |||
r-release-macos-x86_64 | 5.2.2 | 123.00 | NOTE | |||
r-release-windows-x86_64 | 5.2.2 | 93.00 | 159.00 | 252.00 | OK | |
r-oldrel-macos-arm64 | 5.2.2 | 80.00 | NOTE | |||
r-oldrel-macos-x86_64 | 5.2.2 | 203.00 | NOTE | |||
r-oldrel-windows-x86_64 | 5.2.2 | 113.00 | 178.00 | 291.00 | OK |
Version: 5.2.2
Check: installed package size
Result: NOTE
installed size is 7.8Mb
sub-directories of 1Mb or more:
libs 7.3Mb
Flavors: r-release-macos-arm64, r-release-macos-x86_64, r-oldrel-macos-arm64, r-oldrel-macos-x86_64