Last updated on 2025-05-03 21:51:14 CEST.
Flavor | Version | Tinstall | Tcheck | Ttotal | Status | Flags |
---|---|---|---|---|---|---|
r-devel-linux-x86_64-debian-clang | 1.2.6 | 46.39 | 288.38 | 334.77 | OK | |
r-devel-linux-x86_64-debian-gcc | 1.2.6 | 28.62 | 188.21 | 216.83 | OK | |
r-devel-linux-x86_64-fedora-clang | 1.2.6 | 534.99 | OK | |||
r-devel-linux-x86_64-fedora-gcc | 1.2.6 | 515.36 | OK | |||
r-devel-windows-x86_64 | 1.2.6 | 40.00 | 242.00 | 282.00 | OK | |
r-patched-linux-x86_64 | 1.2.6 | 44.69 | 272.98 | 317.67 | OK | |
r-release-linux-x86_64 | OK | |||||
r-release-macos-arm64 | 1.2.6 | 123.00 | OK | |||
r-release-macos-x86_64 | 1.2.6 | 267.00 | OK | |||
r-release-windows-x86_64 | 1.2.6 | 43.00 | 245.00 | 288.00 | OK | |
r-oldrel-macos-arm64 | 1.2.6 | 128.00 | OK | |||
r-oldrel-macos-x86_64 | 1.2.6 | 279.00 | OK | |||
r-oldrel-windows-x86_64 | 1.2.6 | 47.00 | 9.00 | 56.00 | ERROR |
Version: 1.2.6
Check: whether package can be installed
Result: ERROR
Installation failed.
Flavor: r-oldrel-windows-x86_64