Last updated on 2024-06-17 06:50:14 CEST.
Flavor | Version | Tinstall | Tcheck | Ttotal | Status | Flags |
---|---|---|---|---|---|---|
r-devel-linux-x86_64-debian-clang | 1.2.2 | 48.75 | 361.27 | 410.02 | NOTE | |
r-devel-linux-x86_64-debian-gcc | 1.2.2 | 40.19 | 250.57 | 290.76 | NOTE | |
r-devel-linux-x86_64-fedora-clang | 1.2.2 | 487.53 | NOTE | |||
r-devel-linux-x86_64-fedora-gcc | 1.2.2 | 472.32 | NOTE | |||
r-devel-windows-x86_64 | 1.2.2 | 37.00 | 216.00 | 253.00 | NOTE | |
r-patched-linux-x86_64 | 1.2.2 | 49.74 | 337.89 | 387.63 | NOTE | |
r-release-linux-x86_64 | 1.2.2 | 47.91 | 341.31 | 389.22 | NOTE | |
r-release-macos-arm64 | 1.2.2 | 104.00 | NOTE | |||
r-release-macos-x86_64 | 1.2.2 | 181.00 | NOTE | |||
r-release-windows-x86_64 | 1.2.2 | 37.00 | 230.00 | 267.00 | NOTE | |
r-oldrel-macos-arm64 | 1.2.2 | 127.00 | OK | |||
r-oldrel-macos-x86_64 | 1.2.2 | 392.00 | OK | |||
r-oldrel-windows-x86_64 | 1.2.2 | 53.00 | 304.00 | 357.00 | OK |
Version: 1.2.2
Check: Rd files
Result: NOTE
checkRd: (-1) crs.Rd:34: Lost braces; missing escapes or markup?
34 | system, crs) of DeponsRaster and DeponsTrack objects. For {sp} objects the
| ^
Flavors: r-devel-linux-x86_64-debian-clang, r-devel-linux-x86_64-debian-gcc, r-devel-linux-x86_64-fedora-clang, r-devel-linux-x86_64-fedora-gcc, r-devel-windows-x86_64, r-patched-linux-x86_64, r-release-linux-x86_64, r-release-macos-arm64, r-release-macos-x86_64, r-release-windows-x86_64