Last updated on 2025-07-25 21:49:38 CEST.
Flavor | Version | Tinstall | Tcheck | Ttotal | Status | Flags |
---|---|---|---|---|---|---|
r-devel-linux-x86_64-debian-clang | 0.1.0 | 1.67 | 28.29 | 29.96 | NOTE | |
r-devel-linux-x86_64-debian-gcc | 0.1.0 | 1.61 | 23.56 | 25.17 | NOTE | |
r-devel-linux-x86_64-fedora-clang | 0.1.0 | 46.38 | OK | |||
r-devel-linux-x86_64-fedora-gcc | 0.1.0 | 59.73 | OK | |||
r-devel-windows-x86_64 | 0.1.0 | 4.00 | 50.00 | 54.00 | OK | |
r-patched-linux-x86_64 | 0.1.0 | 2.10 | 26.08 | 28.18 | OK | |
r-release-linux-x86_64 | 0.1.0 | 1.64 | 26.17 | 27.81 | OK | |
r-release-macos-arm64 | 0.1.0 | 34.00 | OK | |||
r-release-macos-x86_64 | 0.1.0 | 45.00 | OK | |||
r-release-windows-x86_64 | 0.1.0 | 4.00 | 50.00 | 54.00 | OK | |
r-oldrel-macos-arm64 | 0.1.0 | 25.00 | OK | |||
r-oldrel-macos-x86_64 | 0.1.0 | 38.00 | OK | |||
r-oldrel-windows-x86_64 | 0.1.0 | 4.00 | 54.00 | 58.00 | OK |
Version: 0.1.0
Check: CRAN incoming feasibility
Result: NOTE
Maintainer: ‘Erik Thorsén <erik.thorsen@math.su.se>’
The Description field contains
(<arXiv:2106.02131>). Two dynamic shrinkage estimators are available
Please refer to arXiv e-prints via their arXiv DOI <doi:10.48550/arXiv.YYMM.NNNNN>.
Flavors: r-devel-linux-x86_64-debian-clang, r-devel-linux-x86_64-debian-gcc