Last updated on 2024-06-16 11:57:54 CEST.
Flavor | Version | Tinstall | Tcheck | Ttotal | Status | Flags |
---|---|---|---|---|---|---|
r-devel-linux-x86_64-debian-clang | 0.1 | 4.34 | 32.51 | 36.85 | NOTE | |
r-devel-linux-x86_64-debian-gcc | 0.1 | 2.63 | 25.53 | 28.16 | NOTE | |
r-devel-linux-x86_64-fedora-clang | 0.1 | 44.28 | NOTE | |||
r-devel-linux-x86_64-fedora-gcc | 0.1 | 43.58 | NOTE | |||
r-devel-windows-x86_64 | 0.1 | 4.00 | 49.00 | 53.00 | OK | |
r-patched-linux-x86_64 | 0.1 | 3.42 | 32.42 | 35.84 | NOTE | |
r-release-linux-x86_64 | 0.1 | 4.23 | 31.44 | 35.67 | NOTE | |
r-release-macos-arm64 | 0.1 | 19.00 | OK | |||
r-release-macos-x86_64 | 0.1 | 30.00 | OK | |||
r-release-windows-x86_64 | 0.1 | 3.00 | 52.00 | 55.00 | OK | |
r-oldrel-macos-arm64 | 0.1 | 19.00 | OK | |||
r-oldrel-macos-x86_64 | 0.1 | 27.00 | OK | |||
r-oldrel-windows-x86_64 | 0.1 | 5.00 | 52.00 | 57.00 | OK |
Version: 0.1
Check: for non-standard things in the check directory
Result: NOTE
Found the following files/directories:
‘myfile.ps’ ‘myfile.svg’
Flavors: r-devel-linux-x86_64-debian-clang, r-devel-linux-x86_64-debian-gcc, r-devel-linux-x86_64-fedora-clang, r-devel-linux-x86_64-fedora-gcc, r-patched-linux-x86_64, r-release-linux-x86_64