Last updated on 2024-06-16 11:57:54 CEST.
Flavor | Version | Tinstall | Tcheck | Ttotal | Status | Flags |
---|---|---|---|---|---|---|
r-devel-linux-x86_64-debian-clang | 1.0.2 | 17.91 | 131.89 | 149.80 | OK | |
r-devel-linux-x86_64-debian-gcc | 1.0.2 | 11.69 | 95.95 | 107.64 | OK | |
r-devel-linux-x86_64-fedora-clang | 1.0.2 | 181.14 | OK | |||
r-devel-linux-x86_64-fedora-gcc | 1.0.2 | 176.48 | OK | |||
r-devel-windows-x86_64 | 1.0.2 | 14.00 | 103.00 | 117.00 | OK | |
r-patched-linux-x86_64 | 1.0.2 | 13.36 | 121.93 | 135.29 | OK | |
r-release-linux-x86_64 | 1.0.2 | 10.03 | 121.88 | 131.91 | OK | |
r-release-macos-arm64 | 1.0.2 | 50.00 | OK | |||
r-release-macos-x86_64 | 1.0.2 | 75.00 | OK | |||
r-release-windows-x86_64 | 1.0.2 | 13.00 | 109.00 | 122.00 | FAIL | |
r-oldrel-macos-arm64 | 1.0.2 | 56.00 | OK | |||
r-oldrel-macos-x86_64 | 1.0.2 | 105.00 | OK | |||
r-oldrel-windows-x86_64 | 1.0.2 | 18.00 | 132.00 | 150.00 | OK |
Version: 1.0.2
Check: for code/documentation mismatches
Result: WARN
During startup - Warning message:
package 'utils' in options("defaultPackages") was not found
Flavor: r-release-windows-x86_64
Version: 1.0.2
Check: HTML version of manual
Result: FAIL
Flavor: r-release-windows-x86_64