Last updated on 2025-05-03 21:51:16 CEST.
Flavor | Version | Tinstall | Tcheck | Ttotal | Status | Flags |
---|---|---|---|---|---|---|
r-devel-linux-x86_64-debian-clang | 1.4.0 | 12.31 | 110.99 | 123.30 | NOTE | |
r-devel-linux-x86_64-debian-gcc | 1.4.0 | 9.43 | 74.48 | 83.91 | NOTE | |
r-devel-linux-x86_64-fedora-clang | 1.4.0 | 196.05 | OK | |||
r-devel-linux-x86_64-fedora-gcc | 1.4.0 | 248.68 | OK | |||
r-devel-windows-x86_64 | 1.4.0 | 14.00 | 131.00 | 145.00 | NOTE | |
r-patched-linux-x86_64 | 1.4.0 | 14.17 | 104.39 | 118.56 | NOTE | |
r-release-linux-x86_64 | NOTE | |||||
r-release-macos-arm64 | 1.4.0 | 96.00 | OK | |||
r-release-macos-x86_64 | 1.4.0 | 168.00 | OK | |||
r-release-windows-x86_64 | 1.4.0 | 15.00 | 131.00 | 146.00 | NOTE | |
r-oldrel-macos-arm64 | 1.4.0 | 75.00 | OK | |||
r-oldrel-macos-x86_64 | 1.4.0 | 146.00 | OK | |||
r-oldrel-windows-x86_64 | 1.4.0 | 19.00 | 162.00 | 181.00 | OK |
Version: 1.4.0
Check: Rd cross-references
Result: NOTE
Found the following Rd file(s) with Rd \link{} targets missing package
anchors:
DSLiteConnection-class.Rd: DSConnection-class
DSLiteDriver-class.Rd: DSDriver-class
DSLiteResult-class.Rd: DSResult-class
getDSLiteData.Rd: DSConnection-class
setupCNSIMTest.Rd: datashield.login
setupDASIMTest.Rd: datashield.login
setupDATASETTest.Rd: datashield.login
setupDISCORDANTTest.Rd: datashield.login
setupDSLiteServer.Rd: datashield.login
setupSURVIVALTest.Rd: datashield.login
Please provide package anchors for all Rd \link{} targets not in the
package itself and the base packages.
Flavors: r-devel-linux-x86_64-debian-clang, r-devel-linux-x86_64-debian-gcc, r-devel-windows-x86_64, r-patched-linux-x86_64, r-release-linux-x86_64, r-release-windows-x86_64