Last updated on 2025-05-03 21:51:14 CEST.
Flavor | Version | Tinstall | Tcheck | Ttotal | Status | Flags |
---|---|---|---|---|---|---|
r-devel-linux-x86_64-debian-clang | 1.0.0 | 16.61 | 103.06 | 119.67 | NOTE | |
r-devel-linux-x86_64-debian-gcc | 1.0.0 | 11.44 | 73.24 | 84.68 | NOTE | |
r-devel-linux-x86_64-fedora-clang | 1.0.0 | 171.65 | OK | |||
r-devel-linux-x86_64-fedora-gcc | 1.0.0 | 171.02 | OK | |||
r-devel-windows-x86_64 | 1.0.0 | 15.00 | 102.00 | 117.00 | OK | |
r-patched-linux-x86_64 | 1.0.0 | 13.89 | 95.67 | 109.56 | OK | |
r-release-linux-x86_64 | OK | |||||
r-release-macos-arm64 | 1.0.0 | 50.00 | OK | |||
r-release-macos-x86_64 | 1.0.0 | 96.00 | OK | |||
r-release-windows-x86_64 | 1.0.0 | 15.00 | 101.00 | 116.00 | OK | |
r-oldrel-macos-arm64 | 1.0.0 | 48.00 | OK | |||
r-oldrel-macos-x86_64 | 1.0.0 | 72.00 | OK | |||
r-oldrel-windows-x86_64 | 1.0.0 | 20.00 | 130.00 | 150.00 | OK |
Version: 1.0.0
Check: CRAN incoming feasibility
Result: NOTE
Maintainer: ‘Damian Siniakowicz <DamianSiniakowicz@gmail.com>’
No Authors@R field in DESCRIPTION.
Please add one, modifying
Authors@R: person(given = "Damian",
family = "Siniakowicz",
role = c("aut", "cre"),
email = "damiansiniakowicz@gmail.com")
as necessary.
Flavors: r-devel-linux-x86_64-debian-clang, r-devel-linux-x86_64-debian-gcc