CRAN Package Check Results for Package DataLoader

Last updated on 2025-05-03 12:54:38 CEST.

Flavor Version Tinstall Tcheck Ttotal Status Flags
r-devel-linux-x86_64-debian-clang 1.3 7.50 61.43 68.93 NOTE
r-devel-linux-x86_64-debian-gcc 1.3 6.28 48.07 54.35 NOTE
r-devel-linux-x86_64-fedora-clang 1.3 112.74 OK
r-devel-linux-x86_64-fedora-gcc 1.3 109.51 OK
r-devel-windows-x86_64 1.3 9.00 67.00 76.00 OK
r-patched-linux-x86_64 1.3 7.15 60.51 67.66 OK
r-release-linux-x86_64 OK
r-release-macos-arm64 1.3 37.00 OK
r-release-macos-x86_64 1.3 54.00 OK
r-release-windows-x86_64 1.3 8.00 67.00 75.00 OK
r-oldrel-macos-arm64 1.3 30.00 NOTE
r-oldrel-macos-x86_64 1.3 44.00 NOTE
r-oldrel-windows-x86_64 1.3 9.00 77.00 86.00 NOTE

Check Details

Version: 1.3
Check: CRAN incoming feasibility
Result: NOTE Maintainer: ‘Srivenkatesh Gandhi <srivenkateshg@sase.ssn.edu.in>’ No Authors@R field in DESCRIPTION. Please add one, modifying Authors@R: c(person(given = "Srivenkatesh", family = "Gandhi", role = c("aut", "cre"), email = "srivenkateshg@sase.ssn.edu.in"), person(given = c("Kreshnaa", "Raam", "S"), family = "Bethusamy", role = "aut", email = "kreshnaaraamsb@sase.ssn.edu.in")) as necessary. Flavors: r-devel-linux-x86_64-debian-clang, r-devel-linux-x86_64-debian-gcc

Version: 1.3
Check: LazyData
Result: NOTE 'LazyData' is specified without a 'data' directory Flavors: r-oldrel-macos-arm64, r-oldrel-macos-x86_64, r-oldrel-windows-x86_64