Last updated on 2025-05-03 21:51:14 CEST.
Flavor | Version | Tinstall | Tcheck | Ttotal | Status | Flags |
---|---|---|---|---|---|---|
r-devel-linux-x86_64-debian-clang | 1.0.10 | 6.34 | 200.96 | 207.30 | NOTE | |
r-devel-linux-x86_64-debian-gcc | 1.0.10 | 4.53 | 140.13 | 144.66 | NOTE | |
r-devel-linux-x86_64-fedora-clang | 1.0.10 | 334.95 | OK | |||
r-devel-linux-x86_64-fedora-gcc | 1.0.10 | 315.35 | OK | |||
r-devel-windows-x86_64 | 1.0.10 | 10.00 | 194.00 | 204.00 | NOTE | |
r-patched-linux-x86_64 | 1.0.10 | 7.51 | 196.54 | 204.05 | NOTE | |
r-release-linux-x86_64 | NOTE | |||||
r-release-macos-arm64 | 1.0.10 | 108.00 | OK | |||
r-release-macos-x86_64 | 1.0.10 | 246.00 | OK | |||
r-release-windows-x86_64 | 1.0.10 | 13.00 | 197.00 | 210.00 | NOTE | |
r-oldrel-macos-arm64 | 1.0.10 | 94.00 | OK | |||
r-oldrel-macos-x86_64 | 1.0.10 | 149.00 | OK | |||
r-oldrel-windows-x86_64 | 1.0.10 | 14.00 | 261.00 | 275.00 | OK |
Version: 1.0.10
Check: Rd cross-references
Result: NOTE
Found the following Rd file(s) with Rd \link{} targets missing package
anchors:
declare_estimator.Rd: lm_robust, estimatr, glance
Please provide package anchors for all Rd \link{} targets not in the
package itself and the base packages.
Flavors: r-devel-linux-x86_64-debian-clang, r-devel-linux-x86_64-debian-gcc, r-devel-windows-x86_64, r-patched-linux-x86_64, r-release-linux-x86_64, r-release-windows-x86_64