Last updated on 2025-05-06 21:51:40 CEST.
Flavor | Version | Tinstall | Tcheck | Ttotal | Status | Flags |
---|---|---|---|---|---|---|
r-devel-linux-x86_64-debian-clang | 0.6.4 | 3.25 | 30.29 | 33.54 | NOTE | |
r-devel-linux-x86_64-debian-gcc | 0.6.4 | 2.46 | 23.02 | 25.48 | NOTE | |
r-devel-linux-x86_64-fedora-clang | 0.6.4 | 54.94 | OK | |||
r-devel-linux-x86_64-fedora-gcc | 0.6.4 | 51.60 | OK | |||
r-devel-windows-x86_64 | 0.6.4 | 4.00 | 60.00 | 64.00 | OK | |
r-patched-linux-x86_64 | 0.6.4 | 3.21 | 28.89 | 32.10 | OK | |
r-release-linux-x86_64 | 0.6.4 | 2.91 | 29.33 | 32.24 | OK | |
r-release-macos-arm64 | 0.6.4 | 24.00 | OK | |||
r-release-macos-x86_64 | 0.6.4 | 34.00 | OK | |||
r-release-windows-x86_64 | 0.6.4 | 4.00 | 58.00 | 62.00 | OK | |
r-oldrel-macos-arm64 | 0.6.4 | 21.00 | NOTE | |||
r-oldrel-macos-x86_64 | 0.6.4 | 32.00 | NOTE | |||
r-oldrel-windows-x86_64 | 0.6.4 | 6.00 | 61.00 | 67.00 | NOTE |
Version: 0.6.4
Check: CRAN incoming feasibility
Result: NOTE
Maintainer: ‘Ruoqi Yu <ruoqiyu125@gmail.com>’
No Authors@R field in DESCRIPTION.
Please add one, modifying
Authors@R: person(given = "Ruoqi",
family = "Yu",
role = c("aut", "cre"),
email = "ruoqiyu125@gmail.com")
as necessary.
Flavors: r-devel-linux-x86_64-debian-clang, r-devel-linux-x86_64-debian-gcc
Version: 0.6.4
Check: package dependencies
Result: NOTE
Package suggested but not available for checking: ‘rrelaxiv’
Flavors: r-oldrel-macos-arm64, r-oldrel-macos-x86_64, r-oldrel-windows-x86_64