Last updated on 2025-05-03 12:54:39 CEST.
Flavor | Version | Tinstall | Tcheck | Ttotal | Status | Flags |
---|---|---|---|---|---|---|
r-devel-linux-x86_64-debian-clang | 0.1.3 | 3.32 | 36.04 | 39.36 | NOTE | |
r-devel-linux-x86_64-debian-gcc | 0.1.3 | 2.32 | 28.02 | 30.34 | NOTE | |
r-devel-linux-x86_64-fedora-clang | 0.1.3 | 62.40 | NOTE | |||
r-devel-linux-x86_64-fedora-gcc | 0.1.3 | 70.96 | NOTE | |||
r-devel-windows-x86_64 | 0.1.3 | 4.00 | 60.00 | 64.00 | NOTE | |
r-patched-linux-x86_64 | 0.1.3 | 3.15 | 34.44 | 37.59 | NOTE | |
r-release-linux-x86_64 | NOTE | |||||
r-release-macos-arm64 | 0.1.3 | 37.00 | NOTE | |||
r-release-macos-x86_64 | 0.1.3 | 59.00 | NOTE | |||
r-release-windows-x86_64 | 0.1.3 | 5.00 | 59.00 | 64.00 | NOTE | |
r-oldrel-macos-arm64 | 0.1.3 | 29.00 | NOTE | |||
r-oldrel-macos-x86_64 | 0.1.3 | 43.00 | NOTE | |||
r-oldrel-windows-x86_64 | 0.1.3 | 5.00 | 64.00 | 69.00 | NOTE |
Version: 0.1.3
Check: Rd files
Result: NOTE
checkRd: (-1) simulate_diff_tables.Rd:72: Lost braces; missing escapes or markup?
72 | {The Sharma-Song test} {\code{\link[DiffXTables]{sharma.song.test}}}
| ^
checkRd: (-1) simulate_diff_tables.Rd:74: Lost braces; missing escapes or markup?
74 | {The comparative chi-squared test} {\code{\link[DiffXTables]{cp.chisq.test}}}
| ^
checkRd: (-1) simulate_diff_tables.Rd:76: Lost braces; missing escapes or markup?
76 | {The heterogeneity test} {\code{\link[DiffXTables]{heterogeneity.test}}}
| ^
Flavors: r-devel-linux-x86_64-debian-clang, r-devel-linux-x86_64-debian-gcc, r-devel-linux-x86_64-fedora-clang, r-devel-linux-x86_64-fedora-gcc, r-devel-windows-x86_64, r-patched-linux-x86_64, r-release-linux-x86_64, r-release-macos-arm64, r-release-macos-x86_64, r-release-windows-x86_64, r-oldrel-macos-arm64, r-oldrel-macos-x86_64, r-oldrel-windows-x86_64