Last updated on 2025-05-03 21:51:15 CEST.
Flavor | Version | Tinstall | Tcheck | Ttotal | Status | Flags |
---|---|---|---|---|---|---|
r-devel-linux-x86_64-debian-clang | 1.0.2 | 1.77 | 22.25 | 24.02 | NOTE | |
r-devel-linux-x86_64-debian-gcc | 1.0.2 | 1.62 | 17.54 | 19.16 | NOTE | |
r-devel-linux-x86_64-fedora-clang | 1.0.2 | 39.90 | OK | |||
r-devel-linux-x86_64-fedora-gcc | 1.0.2 | 36.52 | OK | |||
r-devel-windows-x86_64 | 1.0.2 | 3.00 | 58.00 | 61.00 | OK | |
r-patched-linux-x86_64 | 1.0.2 | 2.00 | 21.42 | 23.42 | OK | |
r-release-linux-x86_64 | OK | |||||
r-release-macos-arm64 | 1.0.2 | 18.00 | OK | |||
r-release-macos-x86_64 | 1.0.2 | 29.00 | OK | |||
r-release-windows-x86_64 | 1.0.2 | 3.00 | 50.00 | 53.00 | OK | |
r-oldrel-macos-arm64 | 1.0.2 | 16.00 | OK | |||
r-oldrel-macos-x86_64 | 1.0.2 | 23.00 | OK | |||
r-oldrel-windows-x86_64 | 1.0.2 | 4.00 | 51.00 | 55.00 | OK |
Version: 1.0.2
Check: CRAN incoming feasibility
Result: NOTE
Maintainer: ‘Alessandro Barbiero <alessandro.barbiero@unimi.it>’
No Authors@R field in DESCRIPTION.
Please add one, modifying
Authors@R: c(person(given = "Alessandro",
family = "Barbiero",
role = c("aut", "cre"),
email = "alessandro.barbiero@unimi.it"),
person(given = "Riccardo",
family = "Inchingolo",
role = "aut"),
person(given = "Mario",
family = "Samigli",
role = "aut"))
as necessary.
Found the following \keyword or \concept entries
which likely give several index terms:
File ‘estdiweibull.Rd’:
\keyword{distribution, htest}
File ‘heuristic.Rd’:
\keyword{distribution, htest}
File ‘loglikediw.Rd’:
\keyword{distribution, htest}
Flavors: r-devel-linux-x86_64-debian-clang, r-devel-linux-x86_64-debian-gcc