CRAN Package Check Results for Package DiscreteWeibull

Last updated on 2025-05-04 03:50:51 CEST.

Flavor Version Tinstall Tcheck Ttotal Status Flags
r-devel-linux-x86_64-debian-clang 1.1 1.83 25.51 27.34 NOTE
r-devel-linux-x86_64-debian-gcc 1.1 1.73 19.50 21.23 NOTE
r-devel-linux-x86_64-fedora-clang 1.1 45.68 OK
r-devel-linux-x86_64-fedora-gcc 1.1 41.21 OK
r-devel-windows-x86_64 1.1 3.00 57.00 60.00 OK
r-patched-linux-x86_64 1.1 2.13 24.74 26.87 OK
r-release-linux-x86_64 OK
r-release-macos-arm64 1.1 18.00 OK
r-release-macos-x86_64 1.1 53.00 OK
r-release-windows-x86_64 1.1 3.00 51.00 54.00 OK
r-oldrel-macos-arm64 1.1 22.00 OK
r-oldrel-macos-x86_64 1.1 35.00 OK
r-oldrel-windows-x86_64 1.1 4.00 53.00 57.00 OK

Check Details

Version: 1.1
Check: CRAN incoming feasibility
Result: NOTE Maintainer: ‘Alessandro Barbiero <alessandro.barbiero@unimi.it>’ No Authors@R field in DESCRIPTION. Please add one, modifying Authors@R: person(given = "Alessandro", family = "Barbiero", role = c("aut", "cre"), email = "alessandro.barbiero@unimi.it") as necessary. Flavors: r-devel-linux-x86_64-debian-clang, r-devel-linux-x86_64-debian-gcc