Last updated on 2024-06-16 11:57:54 CEST.
Flavor | Version | Tinstall | Tcheck | Ttotal | Status | Flags |
---|---|---|---|---|---|---|
r-devel-linux-x86_64-debian-clang | 0.12 | 8.53 | 114.17 | 122.70 | NOTE | |
r-devel-linux-x86_64-debian-gcc | 0.12 | 6.71 | 82.47 | 89.18 | NOTE | |
r-devel-linux-x86_64-fedora-clang | 0.12 | 130.32 | NOTE | |||
r-devel-linux-x86_64-fedora-gcc | 0.12 | 146.61 | NOTE | |||
r-devel-windows-x86_64 | 0.12 | 10.00 | 101.00 | 111.00 | NOTE | |
r-patched-linux-x86_64 | 0.12 | 12.93 | 107.93 | 120.86 | NOTE | |
r-release-linux-x86_64 | 0.12 | 8.36 | 105.47 | 113.83 | NOTE | |
r-release-macos-arm64 | 0.12 | 46.00 | NOTE | |||
r-release-macos-x86_64 | 0.12 | 70.00 | NOTE | |||
r-release-windows-x86_64 | 0.12 | 11.00 | 104.00 | 115.00 | NOTE | |
r-oldrel-macos-arm64 | 0.12 | 53.00 | OK | |||
r-oldrel-macos-x86_64 | 0.12 | 128.00 | OK | |||
r-oldrel-windows-x86_64 | 0.12 | 12.00 | 123.00 | 135.00 | OK |
Version: 0.12
Check: Rd files
Result: NOTE
checkRd: (-1) rsmformula.Rd:96: Lost braces
96 | URL{http://www.jstatsoft.org/v32/i07/}.
| ^
Flavors: r-devel-linux-x86_64-debian-clang, r-devel-linux-x86_64-debian-gcc, r-devel-linux-x86_64-fedora-clang, r-devel-linux-x86_64-fedora-gcc, r-devel-windows-x86_64, r-patched-linux-x86_64, r-release-linux-x86_64, r-release-macos-arm64, r-release-macos-x86_64, r-release-windows-x86_64